{"id":22518,"date":"2025-07-08T10:52:05","date_gmt":"2025-07-08T08:52:05","guid":{"rendered":"https:\/\/whysoseriousstore.com\/?post_type=product&#038;p=22518"},"modified":"2026-04-28T22:53:50","modified_gmt":"2026-04-28T20:53:50","slug":"szorty-deia-cotton-flowers","status":"publish","type":"product","link":"http:\/\/whysoseriousstore.com\/eng\/szorty-deia-cotton-flowers\/","title":{"rendered":"Dei\u00e0 Cotton Flowers Shorts"},"content":{"rendered":"<p data-start=\"72\" data-end=\"383\"><strong data-start=\"128\" data-end=\"158\">Dei\u00e0 Cotton Flowers Shorts<\/strong> is for those who like to combine comfort and a light vibe in their everyday look. They have been created for those moments when you feel like slowing down - whether during a summer walk in the city, a lazy afternoon on the terrace or a spontaneous weekend out of town by the lake. This model is the essence of casualness, freedom and good design.<\/p>\n<p data-start=\"385\" data-end=\"758\">The classic cut with a slightly looser leg and elastic waistband means that the shorts fit you - not the other way around. And as for the colour? Light beige combined with a floral print is a mix that automatically adds +10 to your summer mood.<\/p>\n<p data-start=\"760\" data-end=\"947\">Natural, form-holding cotton - pleasant on the skin even on hot days. The shorts are designed for people who appreciate functionality, but also like their look to say something more. Wear them every day, on a trip, to the beach or when you just want to feel good and look even better.<\/p>\n<p data-start=\"760\" data-end=\"947\">The design? Subtle, but with character. Colours? Subdued, but saturated with sunshine. It's the perfect balance!<\/p>\n<p data-start=\"1189\" data-end=\"1323\" data-is-last-node=\"\" data-is-only-node=\"\">We produce locally, we design responsibly, we create with you in mind - thanks for being part of this WHYSOSERIOUS story. &lt;3<\/p>\n<p>WHYSOSERIOUS logo label on front.<\/p>\n<p>The model is 171 cm tall and a size M.<\/p>\n<p><strong>THE HIGHEST QUALITY, MADE IN POLAND.<\/strong><\/p>\n<p><a href=\"https:\/\/whysoseriousstore.com\/eng\/bluzy-unisex\/?v=9b7d173b068d\">See also our sweatshirts!<\/a><br \/>\nVisit us at\u00a0<a href=\"https:\/\/www.instagram.com\/wss.whysoserious\/\">instagram<\/a>\u00a0i\u00a0<a href=\"https:\/\/www.facebook.com\/WSS.whysoserious\">facebook<\/a>.<\/p>","protected":false},"excerpt":{"rendered":"<p>Szorty Dei\u00e0 Cotton Flowers to propozycja dla tych, kt\u00f3rzy lubi\u0105 \u0142\u0105czy\u0107 wygod\u0119 i lekki vibe w codziennym looku. Powsta\u0142y z my\u015bl\u0105 o tych chwilach, kiedy masz ochot\u0119 zwolni\u0107 tempo \u2013 czy to podczas letniego spaceru po mie\u015bcie, leniwego popo\u0142udnia na tarasie, czy spontanicznego weekendu za miastem nad jeziorem. Ten model to esencja luzu, swobody i [&hellip;]<\/p>\n","protected":false},"featured_media":22571,"template":"","meta":[],"product_brand":[],"product_cat":[137,176,112,127],"product_tag":[],"class_list":{"0":"post-22518","1":"product","2":"type-product","3":"status-publish","4":"has-post-thumbnail","6":"product_cat-sukienki","7":"product_cat-womens-day","8":"product_cat-spodnie","9":"product_cat-wszystko","11":"first","12":"instock","13":"taxable","14":"shipping-taxable","15":"purchasable","16":"product-type-variable","17":"has-default-attributes"},"bundled_by":[],"bundle_stock_status":"instock","bundle_stock_quantity":null,"bundle_virtual":false,"bundle_layout":"","bundle_add_to_cart_form_location":"","bundle_editable_in_cart":false,"bundle_sold_individually_context":"","bundle_item_grouping":"","bundle_min_size":"","bundle_max_size":"","bundle_price":[],"bundled_items":[],"bundle_sell_ids":[],"yoast_head":"<!-- This site is optimized with the Yoast SEO Premium plugin v20.0 (Yoast SEO v26.5) - https:\/\/yoast.com\/wordpress\/plugins\/seo\/ -->\n<title>Szorty Dei\u00e0 Cotton Flowers - WHYSOSERIOUS store<\/title>\n<meta name=\"description\" content=\"Jasnobe\u017cowe szorty w print z kwiatkami to kwintesencja letniego luzu. Lekkie, przewiewne i wygodne, z metka z logo WHYSOSERIOUS z przodu.\" \/>\n<meta name=\"robots\" content=\"index, follow, max-snippet:-1, max-image-preview:large, max-video-preview:-1\" \/>\n<link rel=\"canonical\" href=\"https:\/\/whysoseriousstore.com\/eng\/szorty-deia-cotton-flowers\/\" \/>\n<meta property=\"og:locale\" content=\"en_GB\" \/>\n<meta property=\"og:type\" content=\"article\" \/>\n<meta property=\"og:title\" content=\"Szorty Dei\u00e0 Cotton Flowers\" \/>\n<meta property=\"og:description\" content=\"Jasnobe\u017cowe szorty w print z kwiatkami to kwintesencja letniego luzu. Lekkie, przewiewne i wygodne, z metka z logo WHYSOSERIOUS z przodu.\" \/>\n<meta property=\"og:url\" content=\"https:\/\/whysoseriousstore.com\/eng\/szorty-deia-cotton-flowers\/\" \/>\n<meta property=\"og:site_name\" content=\"WHYSOSERIOUS store\" \/>\n<meta property=\"article:modified_time\" content=\"2026-04-28T20:53:50+00:00\" \/>\n<meta property=\"og:image\" content=\"https:\/\/whysoseriousstore.com\/wp-content\/uploads\/2025\/07\/Whysoserious-Szorty-Damskie-w-kwiatki-Bawelniane-5.webp\" \/>\n\t<meta property=\"og:image:width\" content=\"1000\" \/>\n\t<meta property=\"og:image:height\" content=\"1500\" \/>\n\t<meta property=\"og:image:type\" content=\"image\/webp\" \/>\n<meta name=\"twitter:card\" content=\"summary_large_image\" \/>\n<meta name=\"twitter:label1\" content=\"Estimated reading time\" \/>\n\t<meta name=\"twitter:data1\" content=\"2 minutes\" \/>\n<script type=\"application\/ld+json\" class=\"yoast-schema-graph\">{\"@context\":\"https:\/\/schema.org\",\"@graph\":[{\"@type\":\"WebPage\",\"@id\":\"https:\/\/whysoseriousstore.com\/szorty-deia-cotton-flowers\/\",\"url\":\"https:\/\/whysoseriousstore.com\/szorty-deia-cotton-flowers\/\",\"name\":\"Szorty Dei\u00e0 Cotton Flowers - WHYSOSERIOUS store\",\"isPartOf\":{\"@id\":\"https:\/\/whysoseriousstore.com\/#website\"},\"primaryImageOfPage\":{\"@id\":\"https:\/\/whysoseriousstore.com\/szorty-deia-cotton-flowers\/#primaryimage\"},\"image\":{\"@id\":\"https:\/\/whysoseriousstore.com\/szorty-deia-cotton-flowers\/#primaryimage\"},\"thumbnailUrl\":\"https:\/\/whysoseriousstore.com\/wp-content\/uploads\/2025\/07\/Whysoserious-Szorty-Damskie-w-kwiatki-Bawelniane-5.webp\",\"datePublished\":\"2025-07-08T08:52:05+00:00\",\"dateModified\":\"2026-04-28T20:53:50+00:00\",\"description\":\"Jasnobe\u017cowe szorty w print z kwiatkami to kwintesencja letniego luzu. Lekkie, przewiewne i wygodne, z metka z logo WHYSOSERIOUS z przodu.\",\"breadcrumb\":{\"@id\":\"https:\/\/whysoseriousstore.com\/szorty-deia-cotton-flowers\/#breadcrumb\"},\"inLanguage\":\"en-GB\",\"potentialAction\":[{\"@type\":\"ReadAction\",\"target\":[\"https:\/\/whysoseriousstore.com\/szorty-deia-cotton-flowers\/\"]}]},{\"@type\":\"ImageObject\",\"inLanguage\":\"en-GB\",\"@id\":\"https:\/\/whysoseriousstore.com\/szorty-deia-cotton-flowers\/#primaryimage\",\"url\":\"https:\/\/whysoseriousstore.com\/wp-content\/uploads\/2025\/07\/Whysoserious-Szorty-Damskie-w-kwiatki-Bawelniane-5.webp\",\"contentUrl\":\"https:\/\/whysoseriousstore.com\/wp-content\/uploads\/2025\/07\/Whysoserious-Szorty-Damskie-w-kwiatki-Bawelniane-5.webp\",\"width\":1000,\"height\":1500},{\"@type\":\"BreadcrumbList\",\"@id\":\"https:\/\/whysoseriousstore.com\/szorty-deia-cotton-flowers\/#breadcrumb\",\"itemListElement\":[{\"@type\":\"ListItem\",\"position\":1,\"name\":\"Strona g\u0142\u00f3wna\",\"item\":\"https:\/\/whysoseriousstore.com\/\"},{\"@type\":\"ListItem\",\"position\":2,\"name\":\"Sklep\",\"item\":\"https:\/\/whysoseriousstore.com\/sklep\/\"},{\"@type\":\"ListItem\",\"position\":3,\"name\":\"Szorty Dei\u00e0 Cotton Flowers\"}]},{\"@type\":\"WebSite\",\"@id\":\"https:\/\/whysoseriousstore.com\/#website\",\"url\":\"https:\/\/whysoseriousstore.com\/\",\"name\":\"WHYSOSERIOUS store\",\"description\":\"\",\"potentialAction\":[{\"@type\":\"SearchAction\",\"target\":{\"@type\":\"EntryPoint\",\"urlTemplate\":\"https:\/\/whysoseriousstore.com\/?s={search_term_string}\"},\"query-input\":{\"@type\":\"PropertyValueSpecification\",\"valueRequired\":true,\"valueName\":\"search_term_string\"}}],\"inLanguage\":\"en-GB\"}]}<\/script>\n<!-- \/ Yoast SEO Premium plugin. -->","yoast_head_json":{"title":"Szorty Dei\u00e0 Cotton Flowers - WHYSOSERIOUS store","description":"Jasnobe\u017cowe szorty w print z kwiatkami to kwintesencja letniego luzu. Lekkie, przewiewne i wygodne, z metka z logo WHYSOSERIOUS z przodu.","robots":{"index":"index","follow":"follow","max-snippet":"max-snippet:-1","max-image-preview":"max-image-preview:large","max-video-preview":"max-video-preview:-1"},"canonical":"https:\/\/whysoseriousstore.com\/eng\/szorty-deia-cotton-flowers\/","og_locale":"en_GB","og_type":"article","og_title":"Szorty Dei\u00e0 Cotton Flowers","og_description":"Jasnobe\u017cowe szorty w print z kwiatkami to kwintesencja letniego luzu. Lekkie, przewiewne i wygodne, z metka z logo WHYSOSERIOUS z przodu.","og_url":"https:\/\/whysoseriousstore.com\/eng\/szorty-deia-cotton-flowers\/","og_site_name":"WHYSOSERIOUS store","article_modified_time":"2026-04-28T20:53:50+00:00","og_image":[{"width":1000,"height":1500,"url":"https:\/\/whysoseriousstore.com\/wp-content\/uploads\/2025\/07\/Whysoserious-Szorty-Damskie-w-kwiatki-Bawelniane-5.webp","type":"image\/webp"}],"twitter_card":"summary_large_image","twitter_misc":{"Estimated reading time":"2 minutes"},"schema":{"@context":"https:\/\/schema.org","@graph":[{"@type":"WebPage","@id":"https:\/\/whysoseriousstore.com\/szorty-deia-cotton-flowers\/","url":"https:\/\/whysoseriousstore.com\/szorty-deia-cotton-flowers\/","name":"Szorty Dei\u00e0 Cotton Flowers - WHYSOSERIOUS store","isPartOf":{"@id":"https:\/\/whysoseriousstore.com\/#website"},"primaryImageOfPage":{"@id":"https:\/\/whysoseriousstore.com\/szorty-deia-cotton-flowers\/#primaryimage"},"image":{"@id":"https:\/\/whysoseriousstore.com\/szorty-deia-cotton-flowers\/#primaryimage"},"thumbnailUrl":"https:\/\/whysoseriousstore.com\/wp-content\/uploads\/2025\/07\/Whysoserious-Szorty-Damskie-w-kwiatki-Bawelniane-5.webp","datePublished":"2025-07-08T08:52:05+00:00","dateModified":"2026-04-28T20:53:50+00:00","description":"Jasnobe\u017cowe szorty w print z kwiatkami to kwintesencja letniego luzu. Lekkie, przewiewne i wygodne, z metka z logo WHYSOSERIOUS z przodu.","breadcrumb":{"@id":"https:\/\/whysoseriousstore.com\/szorty-deia-cotton-flowers\/#breadcrumb"},"inLanguage":"en-GB","potentialAction":[{"@type":"ReadAction","target":["https:\/\/whysoseriousstore.com\/szorty-deia-cotton-flowers\/"]}]},{"@type":"ImageObject","inLanguage":"en-GB","@id":"https:\/\/whysoseriousstore.com\/szorty-deia-cotton-flowers\/#primaryimage","url":"https:\/\/whysoseriousstore.com\/wp-content\/uploads\/2025\/07\/Whysoserious-Szorty-Damskie-w-kwiatki-Bawelniane-5.webp","contentUrl":"https:\/\/whysoseriousstore.com\/wp-content\/uploads\/2025\/07\/Whysoserious-Szorty-Damskie-w-kwiatki-Bawelniane-5.webp","width":1000,"height":1500},{"@type":"BreadcrumbList","@id":"https:\/\/whysoseriousstore.com\/szorty-deia-cotton-flowers\/#breadcrumb","itemListElement":[{"@type":"ListItem","position":1,"name":"Strona g\u0142\u00f3wna","item":"https:\/\/whysoseriousstore.com\/"},{"@type":"ListItem","position":2,"name":"Sklep","item":"https:\/\/whysoseriousstore.com\/sklep\/"},{"@type":"ListItem","position":3,"name":"Szorty Dei\u00e0 Cotton Flowers"}]},{"@type":"WebSite","@id":"https:\/\/whysoseriousstore.com\/#website","url":"https:\/\/whysoseriousstore.com\/","name":"WHYSOSERIOUS store","description":"","potentialAction":[{"@type":"SearchAction","target":{"@type":"EntryPoint","urlTemplate":"https:\/\/whysoseriousstore.com\/?s={search_term_string}"},"query-input":{"@type":"PropertyValueSpecification","valueRequired":true,"valueName":"search_term_string"}}],"inLanguage":"en-GB"}]}},"_links":{"self":[{"href":"http:\/\/whysoseriousstore.com\/eng\/wp-json\/wp\/v2\/product\/22518","targetHints":{"allow":["GET"]}}],"collection":[{"href":"http:\/\/whysoseriousstore.com\/eng\/wp-json\/wp\/v2\/product"}],"about":[{"href":"http:\/\/whysoseriousstore.com\/eng\/wp-json\/wp\/v2\/types\/product"}],"wp:featuredmedia":[{"embeddable":true,"href":"http:\/\/whysoseriousstore.com\/eng\/wp-json\/wp\/v2\/media\/22571"}],"wp:attachment":[{"href":"http:\/\/whysoseriousstore.com\/eng\/wp-json\/wp\/v2\/media?parent=22518"}],"wp:term":[{"taxonomy":"product_brand","embeddable":true,"href":"http:\/\/whysoseriousstore.com\/eng\/wp-json\/wp\/v2\/product_brand?post=22518"},{"taxonomy":"product_cat","embeddable":true,"href":"http:\/\/whysoseriousstore.com\/eng\/wp-json\/wp\/v2\/product_cat?post=22518"},{"taxonomy":"product_tag","embeddable":true,"href":"http:\/\/whysoseriousstore.com\/eng\/wp-json\/wp\/v2\/product_tag?post=22518"}],"curies":[{"name":"wp","href":"https:\/\/api.w.org\/{rel}","templated":true}]}}