{"id":633,"date":"2020-10-13T09:00:26","date_gmt":"2020-10-13T07:00:26","guid":{"rendered":"http:\/\/localhost\/razzi\/?page_id=633"},"modified":"2024-11-17T13:45:29","modified_gmt":"2024-11-17T12:45:29","slug":"o-nas","status":"publish","type":"page","link":"https:\/\/whysoseriousstore.com\/eng\/o-nas\/","title":{"rendered":"About us"},"content":{"rendered":"<div data-elementor-type=\"wp-page\" data-elementor-id=\"633\" class=\"elementor elementor-633\" data-elementor-post-type=\"page\">\n\t\t\t\t\t\t<section class=\"elementor-section elementor-top-section elementor-element elementor-element-a9435d9 elementor-section-boxed elementor-section-height-default elementor-section-height-default\" data-id=\"a9435d9\" data-element_type=\"section\" data-settings=\"{&quot;background_background&quot;:&quot;classic&quot;}\">\n\t\t\t\t\t\t<div class=\"elementor-container elementor-column-gap-extended\">\n\t\t\t\t\t<div class=\"elementor-column elementor-col-50 elementor-top-column elementor-element elementor-element-2ca6e37\" data-id=\"2ca6e37\" data-element_type=\"column\" data-settings=\"{&quot;background_background&quot;:&quot;classic&quot;}\">\n\t\t\t<div class=\"elementor-widget-wrap elementor-element-populated\">\n\t\t\t\t\t\t<div class=\"elementor-element elementor-element-bc81c45 elementor-hidden-desktop elementor-hidden-tablet elementor-widget elementor-widget-spacer\" data-id=\"bc81c45\" data-element_type=\"widget\" data-widget_type=\"spacer.default\">\n\t\t\t\t<div class=\"elementor-widget-container\">\n\t\t\t\t\t\t\t<div class=\"elementor-spacer\">\n\t\t\t<div class=\"elementor-spacer-inner\"><\/div>\n\t\t<\/div>\n\t\t\t\t\t\t<\/div>\n\t\t\t\t<\/div>\n\t\t\t\t\t<\/div>\n\t\t<\/div>\n\t\t\t\t<div class=\"elementor-column elementor-col-50 elementor-top-column elementor-element elementor-element-0f3eef1\" data-id=\"0f3eef1\" data-element_type=\"column\">\n\t\t\t<div class=\"elementor-widget-wrap elementor-element-populated\">\n\t\t\t\t\t\t<div class=\"elementor-element elementor-element-57f1c50 elementor-widget elementor-widget-heading\" data-id=\"57f1c50\" data-element_type=\"widget\" data-widget_type=\"heading.default\">\n\t\t\t\t<div class=\"elementor-widget-container\">\n\t\t\t\t\t<h6 class=\"elementor-heading-title elementor-size-default\">About us<\/h6>\t\t\t\t<\/div>\n\t\t\t\t<\/div>\n\t\t\t\t<div class=\"elementor-element elementor-element-b2daf09 elementor-widget elementor-widget-heading\" data-id=\"b2daf09\" data-element_type=\"widget\" data-widget_type=\"heading.default\">\n\t\t\t\t<div class=\"elementor-widget-container\">\n\t\t\t\t\t<h3 class=\"elementor-heading-title elementor-size-default\"><p>WHYSOSERIOUS is a celebration of freedom, individuality and a lifestyle that goes off the charts<\/p><\/h3>\t\t\t\t<\/div>\n\t\t\t\t<\/div>\n\t\t\t\t<div class=\"elementor-element elementor-element-20f4454 elementor-widget elementor-widget-text-editor\" data-id=\"20f4454\" data-element_type=\"widget\" data-widget_type=\"text-editor.default\">\n\t\t\t\t<div class=\"elementor-widget-container\">\n\t\t\t\t\t\t\t\t\t<p>- In a world full of conventions, we want to remind you to have the courage to make your own rules. It's our answer to the need for quality classics that never go out of fashion, go with everything and, above all, make you feel fantastic without going overboard.<\/p>\n<p style=\"text-align: justify;\"><strong>Because we take your pleasures seriously.<\/strong><\/p>\t\t\t\t\t\t\t\t<\/div>\n\t\t\t\t<\/div>\n\t\t\t\t\t<\/div>\n\t\t<\/div>\n\t\t\t\t\t<\/div>\n\t\t<\/section>\n\t\t<div class=\"elementor-element elementor-element-6c0b902 e-flex e-con-boxed e-con e-parent\" data-id=\"6c0b902\" data-element_type=\"container\">\n\t\t\t\t\t<div class=\"e-con-inner\">\n\t\t<div class=\"elementor-element elementor-element-db3da8e e-con-full e-flex e-con e-child\" data-id=\"db3da8e\" data-element_type=\"container\">\n\t\t\t\t<div class=\"elementor-element elementor-element-56a90bf elementor-widget elementor-widget-text-editor\" data-id=\"56a90bf\" data-element_type=\"widget\" data-widget_type=\"text-editor.default\">\n\t\t\t\t<div class=\"elementor-widget-container\">\n\t\t\t\t\t\t\t\t\t<p><strong>WHYSOSERIOUS<\/strong> is a ready-to-wear brand founded by two sisters who decided to create something special. It all started with a line of T-shirts, which immediately won the approval of people who shared the WHYSOSERIOUS spirit. A lot has changed since then, but the essentials have remained the same: <strong>top quality, oversize cuts and authenticity.<\/strong><\/p><p>We go into <strong>a new era<\/strong> WSS brand - a time when authenticity and quality become the foundation of a premium collection product.<br \/>Over the years WHYSOSERIOUS has built its reputation on the basis of <strong>confidence and diligence<\/strong>, offering clothes that not only customers love, but also ourselves.<br \/><br \/>The new logo is a symbol of our evolution. It is <strong>simple yet eloquent<\/strong> - just like the new collection. It's a moment where we take a step forward, emphasising that everything we've done so far has prepared us for this very time - a time where we speak boldly: <strong>It Has Never Been Better.<\/strong><\/p><h3><strong>PRODUCTION<\/strong><\/h3><p>WHYSOSERIOUS is proud to support local <strong>production in Poland<\/strong>, ensuring that every step in the creation of our garments is responsible and sustainable. Every step, from design to final finishing, is carefully considered to ensure that our products are an expression of both style and <strong>an environmentally conscious approach<\/strong>. We focus on quality and durability, creating garments that can be worn for years, confident that you are supporting responsible fashion and caring for the planet.<\/p><h3>CERTIFICATES<\/h3><p>Our materials come from reliable, environmentally friendly manufacturers and are certified <strong>OEKO-TEX STANDARD 100<\/strong>, which means that they are free of harmful substances and completely safe for the skin. When choosing <strong>local suppliers<\/strong>, minimising the carbon footprint, reducing transport and supporting Polish crafts.<\/p>\t\t\t\t\t\t\t\t<\/div>\n\t\t\t\t<\/div>\n\t\t\t\t<\/div>\n\t\t<div class=\"elementor-element elementor-element-5994415 e-con-full e-flex e-con e-child\" data-id=\"5994415\" data-element_type=\"container\">\n\t\t\t\t<div class=\"elementor-element elementor-element-5275b1f elementor-widget elementor-widget-image\" data-id=\"5275b1f\" data-element_type=\"widget\" data-widget_type=\"image.default\">\n\t\t\t\t<div class=\"elementor-widget-container\">\n\t\t\t\t\t\t\t\t\t\t\t\t\t\t\t<img fetchpriority=\"high\" decoding=\"async\" width=\"640\" height=\"853\" src=\"https:\/\/whysoseriousstore.com\/wp-content\/uploads\/2024\/10\/IMG_3406-768x1024.jpg\" class=\"attachment-large size-large wp-image-19011\" alt=\"\" srcset=\"https:\/\/whysoseriousstore.com\/wp-content\/uploads\/2024\/10\/IMG_3406-768x1024.jpg 768w, https:\/\/whysoseriousstore.com\/wp-content\/uploads\/2024\/10\/IMG_3406-670x893.jpg 670w, https:\/\/whysoseriousstore.com\/wp-content\/uploads\/2024\/10\/IMG_3406-225x300.jpg 225w, https:\/\/whysoseriousstore.com\/wp-content\/uploads\/2024\/10\/IMG_3406-9x12.jpg 9w, https:\/\/whysoseriousstore.com\/wp-content\/uploads\/2024\/10\/IMG_3406.jpg 1125w\" sizes=\"(max-width: 640px) 100vw, 640px\" \/>\t\t\t\t\t\t\t\t\t\t\t\t\t\t\t<\/div>\n\t\t\t\t<\/div>\n\t\t\t\t<\/div>\n\t\t\t\t\t<\/div>\n\t\t\t\t<\/div>\n\t\t\t\t<\/div>","protected":false},"excerpt":{"rendered":"<p>About us WHYSOSERIOUS to celebracja wolno\u015bci, indywidualno\u015bci i stylu \u017cycia, kt\u00f3ry wykracza poza schematy \u2013 w \u015bwiecie pe\u0142nym konwencji chcemy przypomina\u0107, \u017ce warto mie\u0107 odwag\u0119 tworzy\u0107 w\u0142asne zasady. To nasza odpowied\u017a na potrzeb\u0119 jako\u015bciowej klasyki, kt\u00f3ra nigdy nie wychodzi z mody, pasuje do wszystkiego i przede wszystkim sprawia, \u017ce czujesz si\u0119 fantastycznie bez zb\u0119dnego wysi\u0142ku. [&hellip;]<\/p>\n","protected":false},"author":1,"featured_media":0,"parent":0,"menu_order":0,"comment_status":"closed","ping_status":"closed","template":"","meta":{"footnotes":""},"class_list":["post-633","page","type-page","status-publish","hentry"],"yoast_head":"<!-- This site is optimized with the Yoast SEO Premium plugin v20.0 (Yoast SEO v26.5) - https:\/\/yoast.com\/wordpress\/plugins\/seo\/ -->\n<title>O nas - WHYSOSERIOUS store<\/title>\n<meta name=\"robots\" content=\"index, follow, max-snippet:-1, max-image-preview:large, max-video-preview:-1\" \/>\n<link rel=\"canonical\" href=\"https:\/\/whysoseriousstore.com\/eng\/o-nas\/\" \/>\n<meta property=\"og:locale\" content=\"en_GB\" \/>\n<meta property=\"og:type\" content=\"article\" \/>\n<meta property=\"og:title\" content=\"O nas\" \/>\n<meta property=\"og:description\" content=\"About us WHYSOSERIOUS to celebracja wolno\u015bci, indywidualno\u015bci i stylu \u017cycia, kt\u00f3ry wykracza poza schematy \u2013 w \u015bwiecie pe\u0142nym konwencji chcemy przypomina\u0107, \u017ce warto mie\u0107 odwag\u0119 tworzy\u0107 w\u0142asne zasady. To nasza odpowied\u017a na potrzeb\u0119 jako\u015bciowej klasyki, kt\u00f3ra nigdy nie wychodzi z mody, pasuje do wszystkiego i przede wszystkim sprawia, \u017ce czujesz si\u0119 fantastycznie bez zb\u0119dnego wysi\u0142ku. [&hellip;]\" \/>\n<meta property=\"og:url\" content=\"https:\/\/whysoseriousstore.com\/eng\/o-nas\/\" \/>\n<meta property=\"og:site_name\" content=\"WHYSOSERIOUS store\" \/>\n<meta property=\"article:modified_time\" content=\"2024-11-17T12:45:29+00:00\" \/>\n<meta property=\"og:image\" content=\"https:\/\/whysoseriousstore.com\/wp-content\/uploads\/2024\/10\/IMG_3406-768x1024.jpg\" \/>\n<meta name=\"twitter:card\" content=\"summary_large_image\" \/>\n<meta name=\"twitter:label1\" content=\"Estimated reading time\" \/>\n\t<meta name=\"twitter:data1\" content=\"1 minute\" \/>\n<script type=\"application\/ld+json\" class=\"yoast-schema-graph\">{\"@context\":\"https:\/\/schema.org\",\"@graph\":[{\"@type\":\"WebPage\",\"@id\":\"https:\/\/whysoseriousstore.com\/o-nas\/\",\"url\":\"https:\/\/whysoseriousstore.com\/o-nas\/\",\"name\":\"O nas - WHYSOSERIOUS store\",\"isPartOf\":{\"@id\":\"https:\/\/whysoseriousstore.com\/#website\"},\"primaryImageOfPage\":{\"@id\":\"https:\/\/whysoseriousstore.com\/o-nas\/#primaryimage\"},\"image\":{\"@id\":\"https:\/\/whysoseriousstore.com\/o-nas\/#primaryimage\"},\"thumbnailUrl\":\"https:\/\/whysoseriousstore.com\/wp-content\/uploads\/2024\/10\/IMG_3406-768x1024.jpg\",\"datePublished\":\"2020-10-13T07:00:26+00:00\",\"dateModified\":\"2024-11-17T12:45:29+00:00\",\"breadcrumb\":{\"@id\":\"https:\/\/whysoseriousstore.com\/o-nas\/#breadcrumb\"},\"inLanguage\":\"en-GB\",\"potentialAction\":[{\"@type\":\"ReadAction\",\"target\":[\"https:\/\/whysoseriousstore.com\/o-nas\/\"]}]},{\"@type\":\"ImageObject\",\"inLanguage\":\"en-GB\",\"@id\":\"https:\/\/whysoseriousstore.com\/o-nas\/#primaryimage\",\"url\":\"https:\/\/whysoseriousstore.com\/wp-content\/uploads\/2024\/10\/IMG_3406-768x1024.jpg\",\"contentUrl\":\"https:\/\/whysoseriousstore.com\/wp-content\/uploads\/2024\/10\/IMG_3406-768x1024.jpg\"},{\"@type\":\"BreadcrumbList\",\"@id\":\"https:\/\/whysoseriousstore.com\/o-nas\/#breadcrumb\",\"itemListElement\":[{\"@type\":\"ListItem\",\"position\":1,\"name\":\"Strona g\u0142\u00f3wna\",\"item\":\"https:\/\/whysoseriousstore.com\/\"},{\"@type\":\"ListItem\",\"position\":2,\"name\":\"O nas\"}]},{\"@type\":\"WebSite\",\"@id\":\"https:\/\/whysoseriousstore.com\/#website\",\"url\":\"https:\/\/whysoseriousstore.com\/\",\"name\":\"WHYSOSERIOUS store\",\"description\":\"\",\"potentialAction\":[{\"@type\":\"SearchAction\",\"target\":{\"@type\":\"EntryPoint\",\"urlTemplate\":\"https:\/\/whysoseriousstore.com\/?s={search_term_string}\"},\"query-input\":{\"@type\":\"PropertyValueSpecification\",\"valueRequired\":true,\"valueName\":\"search_term_string\"}}],\"inLanguage\":\"en-GB\"}]}<\/script>\n<!-- \/ Yoast SEO Premium plugin. -->","yoast_head_json":{"title":"O nas - WHYSOSERIOUS store","robots":{"index":"index","follow":"follow","max-snippet":"max-snippet:-1","max-image-preview":"max-image-preview:large","max-video-preview":"max-video-preview:-1"},"canonical":"https:\/\/whysoseriousstore.com\/eng\/o-nas\/","og_locale":"en_GB","og_type":"article","og_title":"O nas","og_description":"About us WHYSOSERIOUS to celebracja wolno\u015bci, indywidualno\u015bci i stylu \u017cycia, kt\u00f3ry wykracza poza schematy \u2013 w \u015bwiecie pe\u0142nym konwencji chcemy przypomina\u0107, \u017ce warto mie\u0107 odwag\u0119 tworzy\u0107 w\u0142asne zasady. To nasza odpowied\u017a na potrzeb\u0119 jako\u015bciowej klasyki, kt\u00f3ra nigdy nie wychodzi z mody, pasuje do wszystkiego i przede wszystkim sprawia, \u017ce czujesz si\u0119 fantastycznie bez zb\u0119dnego wysi\u0142ku. [&hellip;]","og_url":"https:\/\/whysoseriousstore.com\/eng\/o-nas\/","og_site_name":"WHYSOSERIOUS store","article_modified_time":"2024-11-17T12:45:29+00:00","og_image":[{"url":"https:\/\/whysoseriousstore.com\/wp-content\/uploads\/2024\/10\/IMG_3406-768x1024.jpg","type":"","width":"","height":""}],"twitter_card":"summary_large_image","twitter_misc":{"Estimated reading time":"1 minute"},"schema":{"@context":"https:\/\/schema.org","@graph":[{"@type":"WebPage","@id":"https:\/\/whysoseriousstore.com\/o-nas\/","url":"https:\/\/whysoseriousstore.com\/o-nas\/","name":"O nas - WHYSOSERIOUS store","isPartOf":{"@id":"https:\/\/whysoseriousstore.com\/#website"},"primaryImageOfPage":{"@id":"https:\/\/whysoseriousstore.com\/o-nas\/#primaryimage"},"image":{"@id":"https:\/\/whysoseriousstore.com\/o-nas\/#primaryimage"},"thumbnailUrl":"https:\/\/whysoseriousstore.com\/wp-content\/uploads\/2024\/10\/IMG_3406-768x1024.jpg","datePublished":"2020-10-13T07:00:26+00:00","dateModified":"2024-11-17T12:45:29+00:00","breadcrumb":{"@id":"https:\/\/whysoseriousstore.com\/o-nas\/#breadcrumb"},"inLanguage":"en-GB","potentialAction":[{"@type":"ReadAction","target":["https:\/\/whysoseriousstore.com\/o-nas\/"]}]},{"@type":"ImageObject","inLanguage":"en-GB","@id":"https:\/\/whysoseriousstore.com\/o-nas\/#primaryimage","url":"https:\/\/whysoseriousstore.com\/wp-content\/uploads\/2024\/10\/IMG_3406-768x1024.jpg","contentUrl":"https:\/\/whysoseriousstore.com\/wp-content\/uploads\/2024\/10\/IMG_3406-768x1024.jpg"},{"@type":"BreadcrumbList","@id":"https:\/\/whysoseriousstore.com\/o-nas\/#breadcrumb","itemListElement":[{"@type":"ListItem","position":1,"name":"Strona g\u0142\u00f3wna","item":"https:\/\/whysoseriousstore.com\/"},{"@type":"ListItem","position":2,"name":"O nas"}]},{"@type":"WebSite","@id":"https:\/\/whysoseriousstore.com\/#website","url":"https:\/\/whysoseriousstore.com\/","name":"WHYSOSERIOUS store","description":"","potentialAction":[{"@type":"SearchAction","target":{"@type":"EntryPoint","urlTemplate":"https:\/\/whysoseriousstore.com\/?s={search_term_string}"},"query-input":{"@type":"PropertyValueSpecification","valueRequired":true,"valueName":"search_term_string"}}],"inLanguage":"en-GB"}]}},"_links":{"self":[{"href":"https:\/\/whysoseriousstore.com\/eng\/wp-json\/wp\/v2\/pages\/633","targetHints":{"allow":["GET"]}}],"collection":[{"href":"https:\/\/whysoseriousstore.com\/eng\/wp-json\/wp\/v2\/pages"}],"about":[{"href":"https:\/\/whysoseriousstore.com\/eng\/wp-json\/wp\/v2\/types\/page"}],"author":[{"embeddable":true,"href":"https:\/\/whysoseriousstore.com\/eng\/wp-json\/wp\/v2\/users\/1"}],"replies":[{"embeddable":true,"href":"https:\/\/whysoseriousstore.com\/eng\/wp-json\/wp\/v2\/comments?post=633"}],"version-history":[{"count":0,"href":"https:\/\/whysoseriousstore.com\/eng\/wp-json\/wp\/v2\/pages\/633\/revisions"}],"wp:attachment":[{"href":"https:\/\/whysoseriousstore.com\/eng\/wp-json\/wp\/v2\/media?parent=633"}],"curies":[{"name":"wp","href":"https:\/\/api.w.org\/{rel}","templated":true}]}}