{"id":13688,"date":"2023-02-13T23:46:31","date_gmt":"2023-02-13T22:46:31","guid":{"rendered":"https:\/\/whysoseriousstore.com\/?post_type=product&#038;p=13688"},"modified":"2026-04-16T22:47:45","modified_gmt":"2026-04-16T20:47:45","slug":"damska-bluza-oversize-czarna-z-kapturem-pleasures","status":"publish","type":"product","link":"https:\/\/whysoseriousstore.com\/eng\/damska-bluza-oversize-czarna-z-kapturem-pleasures\/","title":{"rendered":"Black Pleasures hoodie"},"content":{"rendered":"<p>The black oversize hoodie is an indispensable part of many streetwear lovers' wardrobe. Its loose cut, lowered shoulder line and large hood ensure not only freedom of movement, but also comfort and a stylish look. The sweatshirt is made of high-quality cotton and has been manufactured in Poland. As a result, we can be sure that the product is not only fashionable, but also durable and resistant to damage.<\/p>\n<p>The back of the sweatshirt features a large white print with the words Take your pleasures seriously, which draws attention and adds character to the whole look. The use of fleece on the inside of the knit gives the sweatshirt a soft and pleasant feel, and the colourful ribbed hem and sleeves complete the look.<\/p>\n<p>The women's and men's oversize sweatshirt is the ideal choice for women and men who want to emphasise their individual style and are not afraid to experiment with fashion. The UNISEX cut makes this product ideal for anyone who appreciates an oversized, loose look.<\/p>\n<p>It is also not insignificant that the sweatshirt has been sewn with attention to every detail, which contributes to its durability and strength.<\/p>\n<p>If you're looking for a fashionable, comfortable and original streetwear sweatshirt, then this black hoodie will definitely interest you. You can wear it every day, combining it with jeans, leggings or joggers to create a stylish and comfortable look at the same time. Add something new to your wardrobe and enjoy fashionable, but also comfortable styles.<\/p>\n<p>The model in the photo wears size XS\/S and is 170 cm tall.<br \/>\n<strong>THE HIGHEST QUALITY, MADE IN POLAND.\u00a0<\/strong><\/p>\n<p><a href=\"https:\/\/whysoseriousstore.com\/eng\/tshirty-damskie\/\">See also our t-shirts!<\/a><br \/>\nVisit us at <a href=\"https:\/\/www.instagram.com\/wss.whysoserious\/\">instagram<\/a> i <a href=\"https:\/\/www.facebook.com\/WSS.whysoserious\">facebook<\/a>.<\/p>","protected":false},"excerpt":{"rendered":"<p>Czarna bluza oversize z kapturem to nieod\u0142\u0105czny element garderoby wielu mi\u0142o\u015bnik\u00f3w streetwearu. Jej lu\u017any kr\u00f3j, obni\u017cona linia ramion oraz du\u017cy kaptur zapewniaj\u0105 nie tylko swobod\u0119 ruchu, ale r\u00f3wnie\u017c wygod\u0119 i stylowy wygl\u0105d. Bluza jest wykonana z wysokiej jako\u015bci bawe\u0142ny, zosta\u0142a wyprodukowana w Polsce. Dzi\u0119ki temu mo\u017cemy mie\u0107 pewno\u015b\u0107, \u017ce produkt jest nie tylko modny, ale [&hellip;]<\/p>\n","protected":false},"featured_media":13693,"template":"","meta":[],"product_brand":[],"product_cat":[141,111,107,127],"product_tag":[],"class_list":{"0":"post-13688","1":"product","2":"type-product","3":"status-publish","4":"has-post-thumbnail","6":"product_cat-men","7":"product_cat-bluzy-unisex","8":"product_cat-bestsellers","9":"product_cat-wszystko","11":"first","12":"instock","13":"taxable","14":"shipping-taxable","15":"purchasable","16":"product-type-variable","17":"has-default-attributes"},"bundled_by":[],"bundle_stock_status":"instock","bundle_stock_quantity":null,"bundle_virtual":false,"bundle_layout":"","bundle_add_to_cart_form_location":"","bundle_editable_in_cart":false,"bundle_sold_individually_context":"","bundle_item_grouping":"","bundle_min_size":"","bundle_max_size":"","bundle_price":[],"bundled_items":[],"bundle_sell_ids":[],"yoast_head":"<!-- This site is optimized with the Yoast SEO Premium plugin v20.0 (Yoast SEO v26.5) - https:\/\/yoast.com\/wordpress\/plugins\/seo\/ -->\n<title>Bluza z kapturem oversize - WHYSOSERIOUS store<\/title>\n<meta name=\"description\" content=\"Czarna bluza z kapturem typu oversize z obni\u017con\u0105 lini\u0105 ramion. Kr\u00f3j UNISEX. Z ty\u0142u bluzy du\u017cy bia\u0142y nadruk Take your pleasures seriously.\" \/>\n<meta name=\"robots\" content=\"index, follow, max-snippet:-1, max-image-preview:large, max-video-preview:-1\" \/>\n<link rel=\"canonical\" href=\"https:\/\/whysoseriousstore.com\/eng\/damska-bluza-oversize-czarna-z-kapturem-pleasures\/\" \/>\n<meta property=\"og:locale\" content=\"en_GB\" \/>\n<meta property=\"og:type\" content=\"article\" \/>\n<meta property=\"og:title\" content=\"Czarna Bluza z kapturem Pleasures\" \/>\n<meta property=\"og:description\" content=\"Czarna bluza z kapturem typu oversize z obni\u017con\u0105 lini\u0105 ramion. Kr\u00f3j UNISEX. Z ty\u0142u bluzy du\u017cy bia\u0142y nadruk Take your pleasures seriously.\" \/>\n<meta property=\"og:url\" content=\"https:\/\/whysoseriousstore.com\/eng\/damska-bluza-oversize-czarna-z-kapturem-pleasures\/\" \/>\n<meta property=\"og:site_name\" content=\"WHYSOSERIOUS store\" \/>\n<meta property=\"article:modified_time\" content=\"2026-04-16T20:47:45+00:00\" \/>\n<meta property=\"og:image\" content=\"https:\/\/whysoseriousstore.com\/wp-content\/uploads\/2023\/02\/Bluza-z-kapturem-damska-Czarna-luzna-whysoserious.jpg\" \/>\n\t<meta property=\"og:image:width\" content=\"1002\" \/>\n\t<meta property=\"og:image:height\" content=\"1499\" \/>\n\t<meta property=\"og:image:type\" content=\"image\/jpeg\" \/>\n<meta name=\"twitter:card\" content=\"summary_large_image\" \/>\n<meta name=\"twitter:label1\" content=\"Estimated reading time\" \/>\n\t<meta name=\"twitter:data1\" content=\"2 minutes\" \/>\n<script type=\"application\/ld+json\" class=\"yoast-schema-graph\">{\"@context\":\"https:\/\/schema.org\",\"@graph\":[{\"@type\":\"WebPage\",\"@id\":\"https:\/\/whysoseriousstore.com\/damska-bluza-oversize-czarna-z-kapturem-pleasures\/\",\"url\":\"https:\/\/whysoseriousstore.com\/damska-bluza-oversize-czarna-z-kapturem-pleasures\/\",\"name\":\"Bluza z kapturem oversize - WHYSOSERIOUS store\",\"isPartOf\":{\"@id\":\"https:\/\/whysoseriousstore.com\/#website\"},\"primaryImageOfPage\":{\"@id\":\"https:\/\/whysoseriousstore.com\/damska-bluza-oversize-czarna-z-kapturem-pleasures\/#primaryimage\"},\"image\":{\"@id\":\"https:\/\/whysoseriousstore.com\/damska-bluza-oversize-czarna-z-kapturem-pleasures\/#primaryimage\"},\"thumbnailUrl\":\"https:\/\/whysoseriousstore.com\/wp-content\/uploads\/2023\/02\/Bluza-z-kapturem-damska-Czarna-luzna-whysoserious.jpg\",\"datePublished\":\"2023-02-13T22:46:31+00:00\",\"dateModified\":\"2026-04-16T20:47:45+00:00\",\"description\":\"Czarna bluza z kapturem typu oversize z obni\u017con\u0105 lini\u0105 ramion. Kr\u00f3j UNISEX. Z ty\u0142u bluzy du\u017cy bia\u0142y nadruk Take your pleasures seriously.\",\"breadcrumb\":{\"@id\":\"https:\/\/whysoseriousstore.com\/damska-bluza-oversize-czarna-z-kapturem-pleasures\/#breadcrumb\"},\"inLanguage\":\"en-GB\",\"potentialAction\":[{\"@type\":\"ReadAction\",\"target\":[\"https:\/\/whysoseriousstore.com\/damska-bluza-oversize-czarna-z-kapturem-pleasures\/\"]}]},{\"@type\":\"ImageObject\",\"inLanguage\":\"en-GB\",\"@id\":\"https:\/\/whysoseriousstore.com\/damska-bluza-oversize-czarna-z-kapturem-pleasures\/#primaryimage\",\"url\":\"https:\/\/whysoseriousstore.com\/wp-content\/uploads\/2023\/02\/Bluza-z-kapturem-damska-Czarna-luzna-whysoserious.jpg\",\"contentUrl\":\"https:\/\/whysoseriousstore.com\/wp-content\/uploads\/2023\/02\/Bluza-z-kapturem-damska-Czarna-luzna-whysoserious.jpg\",\"width\":1002,\"height\":1499,\"caption\":\"Bluza z kapturem damska Czarna lu\u017ana whysoserious\"},{\"@type\":\"BreadcrumbList\",\"@id\":\"https:\/\/whysoseriousstore.com\/damska-bluza-oversize-czarna-z-kapturem-pleasures\/#breadcrumb\",\"itemListElement\":[{\"@type\":\"ListItem\",\"position\":1,\"name\":\"Strona g\u0142\u00f3wna\",\"item\":\"https:\/\/whysoseriousstore.com\/\"},{\"@type\":\"ListItem\",\"position\":2,\"name\":\"Sklep\",\"item\":\"https:\/\/whysoseriousstore.com\/sklep\/\"},{\"@type\":\"ListItem\",\"position\":3,\"name\":\"Czarna Bluza z kapturem Pleasures\"}]},{\"@type\":\"WebSite\",\"@id\":\"https:\/\/whysoseriousstore.com\/#website\",\"url\":\"https:\/\/whysoseriousstore.com\/\",\"name\":\"WHYSOSERIOUS store\",\"description\":\"\",\"potentialAction\":[{\"@type\":\"SearchAction\",\"target\":{\"@type\":\"EntryPoint\",\"urlTemplate\":\"https:\/\/whysoseriousstore.com\/?s={search_term_string}\"},\"query-input\":{\"@type\":\"PropertyValueSpecification\",\"valueRequired\":true,\"valueName\":\"search_term_string\"}}],\"inLanguage\":\"en-GB\"}]}<\/script>\n<!-- \/ Yoast SEO Premium plugin. -->","yoast_head_json":{"title":"Bluza z kapturem oversize - WHYSOSERIOUS store","description":"Czarna bluza z kapturem typu oversize z obni\u017con\u0105 lini\u0105 ramion. Kr\u00f3j UNISEX. Z ty\u0142u bluzy du\u017cy bia\u0142y nadruk Take your pleasures seriously.","robots":{"index":"index","follow":"follow","max-snippet":"max-snippet:-1","max-image-preview":"max-image-preview:large","max-video-preview":"max-video-preview:-1"},"canonical":"https:\/\/whysoseriousstore.com\/eng\/damska-bluza-oversize-czarna-z-kapturem-pleasures\/","og_locale":"en_GB","og_type":"article","og_title":"Czarna Bluza z kapturem Pleasures","og_description":"Czarna bluza z kapturem typu oversize z obni\u017con\u0105 lini\u0105 ramion. Kr\u00f3j UNISEX. Z ty\u0142u bluzy du\u017cy bia\u0142y nadruk Take your pleasures seriously.","og_url":"https:\/\/whysoseriousstore.com\/eng\/damska-bluza-oversize-czarna-z-kapturem-pleasures\/","og_site_name":"WHYSOSERIOUS store","article_modified_time":"2026-04-16T20:47:45+00:00","og_image":[{"width":1002,"height":1499,"url":"https:\/\/whysoseriousstore.com\/wp-content\/uploads\/2023\/02\/Bluza-z-kapturem-damska-Czarna-luzna-whysoserious.jpg","type":"image\/jpeg"}],"twitter_card":"summary_large_image","twitter_misc":{"Estimated reading time":"2 minutes"},"schema":{"@context":"https:\/\/schema.org","@graph":[{"@type":"WebPage","@id":"https:\/\/whysoseriousstore.com\/damska-bluza-oversize-czarna-z-kapturem-pleasures\/","url":"https:\/\/whysoseriousstore.com\/damska-bluza-oversize-czarna-z-kapturem-pleasures\/","name":"Bluza z kapturem oversize - WHYSOSERIOUS store","isPartOf":{"@id":"https:\/\/whysoseriousstore.com\/#website"},"primaryImageOfPage":{"@id":"https:\/\/whysoseriousstore.com\/damska-bluza-oversize-czarna-z-kapturem-pleasures\/#primaryimage"},"image":{"@id":"https:\/\/whysoseriousstore.com\/damska-bluza-oversize-czarna-z-kapturem-pleasures\/#primaryimage"},"thumbnailUrl":"https:\/\/whysoseriousstore.com\/wp-content\/uploads\/2023\/02\/Bluza-z-kapturem-damska-Czarna-luzna-whysoserious.jpg","datePublished":"2023-02-13T22:46:31+00:00","dateModified":"2026-04-16T20:47:45+00:00","description":"Czarna bluza z kapturem typu oversize z obni\u017con\u0105 lini\u0105 ramion. Kr\u00f3j UNISEX. Z ty\u0142u bluzy du\u017cy bia\u0142y nadruk Take your pleasures seriously.","breadcrumb":{"@id":"https:\/\/whysoseriousstore.com\/damska-bluza-oversize-czarna-z-kapturem-pleasures\/#breadcrumb"},"inLanguage":"en-GB","potentialAction":[{"@type":"ReadAction","target":["https:\/\/whysoseriousstore.com\/damska-bluza-oversize-czarna-z-kapturem-pleasures\/"]}]},{"@type":"ImageObject","inLanguage":"en-GB","@id":"https:\/\/whysoseriousstore.com\/damska-bluza-oversize-czarna-z-kapturem-pleasures\/#primaryimage","url":"https:\/\/whysoseriousstore.com\/wp-content\/uploads\/2023\/02\/Bluza-z-kapturem-damska-Czarna-luzna-whysoserious.jpg","contentUrl":"https:\/\/whysoseriousstore.com\/wp-content\/uploads\/2023\/02\/Bluza-z-kapturem-damska-Czarna-luzna-whysoserious.jpg","width":1002,"height":1499,"caption":"Bluza z kapturem damska Czarna lu\u017ana whysoserious"},{"@type":"BreadcrumbList","@id":"https:\/\/whysoseriousstore.com\/damska-bluza-oversize-czarna-z-kapturem-pleasures\/#breadcrumb","itemListElement":[{"@type":"ListItem","position":1,"name":"Strona g\u0142\u00f3wna","item":"https:\/\/whysoseriousstore.com\/"},{"@type":"ListItem","position":2,"name":"Sklep","item":"https:\/\/whysoseriousstore.com\/sklep\/"},{"@type":"ListItem","position":3,"name":"Czarna Bluza z kapturem Pleasures"}]},{"@type":"WebSite","@id":"https:\/\/whysoseriousstore.com\/#website","url":"https:\/\/whysoseriousstore.com\/","name":"WHYSOSERIOUS store","description":"","potentialAction":[{"@type":"SearchAction","target":{"@type":"EntryPoint","urlTemplate":"https:\/\/whysoseriousstore.com\/?s={search_term_string}"},"query-input":{"@type":"PropertyValueSpecification","valueRequired":true,"valueName":"search_term_string"}}],"inLanguage":"en-GB"}]}},"_links":{"self":[{"href":"https:\/\/whysoseriousstore.com\/eng\/wp-json\/wp\/v2\/product\/13688","targetHints":{"allow":["GET"]}}],"collection":[{"href":"https:\/\/whysoseriousstore.com\/eng\/wp-json\/wp\/v2\/product"}],"about":[{"href":"https:\/\/whysoseriousstore.com\/eng\/wp-json\/wp\/v2\/types\/product"}],"wp:featuredmedia":[{"embeddable":true,"href":"https:\/\/whysoseriousstore.com\/eng\/wp-json\/wp\/v2\/media\/13693"}],"wp:attachment":[{"href":"https:\/\/whysoseriousstore.com\/eng\/wp-json\/wp\/v2\/media?parent=13688"}],"wp:term":[{"taxonomy":"product_brand","embeddable":true,"href":"https:\/\/whysoseriousstore.com\/eng\/wp-json\/wp\/v2\/product_brand?post=13688"},{"taxonomy":"product_cat","embeddable":true,"href":"https:\/\/whysoseriousstore.com\/eng\/wp-json\/wp\/v2\/product_cat?post=13688"},{"taxonomy":"product_tag","embeddable":true,"href":"https:\/\/whysoseriousstore.com\/eng\/wp-json\/wp\/v2\/product_tag?post=13688"}],"curies":[{"name":"wp","href":"https:\/\/api.w.org\/{rel}","templated":true}]}}