{"id":18510,"date":"2024-08-23T16:19:34","date_gmt":"2024-08-23T14:19:34","guid":{"rendered":"https:\/\/whysoseriousstore.com\/?post_type=product&#038;p=18510"},"modified":"2026-02-22T13:34:34","modified_gmt":"2026-02-22T12:34:34","slug":"no-bad-waves-ecru-t-shirt-oversize","status":"publish","type":"product","link":"https:\/\/whysoseriousstore.com\/eng\/no-bad-waves-ecru-t-shirt-oversize\/","title":{"rendered":"No Bad Waves Ecru Oversize T-shirt"},"content":{"rendered":"<p><strong>No Bad Waves White Oversize T-shirt<\/strong> is the perfect base for creating a variety of looks that emphasise your individual character. Whether you're planning a relaxing day at the beach, a casual meeting with friends or a quick coffee out on the town, it will provide you with comfort and a totally cool look. Made from the highest quality cotton, it ensures that you can wear it comfortably all day long, whatever the occasion. T<strong>about this favourite tees<\/strong>that you will wear around the clock.<\/p>\n<p>The loose fit makes it a perfect fit for any silhouette, guaranteeing maximum comfort. This white oversize T-shirt is the quintessence of casualness and style in one. Thanks to its versatile design, the white oversize T-shirt pairs easily with other pieces in your wardrobe - from jeans to your beloved shorts to sporty leggings. Let your creativity run wild and create ensembles that reflect your personality.<\/p>\n<p>The white No Bad Waves oversize T-shirt features an original print that adds a unique touch. Whether you're heading to a summer party or spending a lazy day at home, this T-shirt will make you feel <strong>stylish and comfortable<\/strong>. When you choose the No Bad Waves White Oversize T-shirt, you are investing in quality that will stay with you for a long time. Perfect for any occasion, the T-shirt is a key piece of any wardrobe that will never go out of fashion.<\/p>\n<p>One more thing! <strong>No Bad Waves,<\/strong> <strong>Guys - Sometimes you just have to ride the wave you're given \ud83d\ude09<\/strong><\/p>\n<p>WHYSOSERIOUS label inside<\/p>\n<p>The model is 171 cm tall and a size XL.<\/p>\n<p><strong>THE HIGHEST QUALITY, MADE IN POLAND.<\/strong><\/p>\n<p><a href=\"https:\/\/whysoseriousstore.com\/eng\/bluzy-unisex\/?v=9b7d173b068d\">See also our sweatshirts!<\/a><br \/>\nVisit us at\u00a0<a href=\"https:\/\/www.instagram.com\/wss.whysoserious\/\">instagram<\/a>\u00a0i\u00a0<a href=\"https:\/\/www.facebook.com\/WSS.whysoserious\">facebook<\/a>.<\/p>","protected":false},"excerpt":{"rendered":"<p>No Bad Waves Bia\u0142y T-shirt Oversize to doskona\u0142a baza do tworzenia r\u00f3\u017cnorodnych stylizacji, kt\u00f3re podkre\u015bl\u0105 Tw\u00f3j indywidualny charakter. Niezale\u017cnie od tego, czy planujesz relaksuj\u0105cy dzie\u0144 na pla\u017cy, lu\u017ane spotkanie z przyjaci\u00f3\u0142mi, czy szybk\u0105 kaw\u0119 na mie\u015bcie, zapewni Ci wygod\u0119 i totalnie cool look. Wykonany z najwy\u017cszej jako\u015bci bawe\u0142ny, zapewnia komfort noszenia przez ca\u0142y dzie\u0144, niezale\u017cnie [&hellip;]<\/p>\n","protected":false},"featured_media":18570,"template":"","meta":[],"product_brand":[],"product_cat":[141,110,127],"product_tag":[],"class_list":{"0":"post-18510","1":"product","2":"type-product","3":"status-publish","4":"has-post-thumbnail","6":"product_cat-men","7":"product_cat-tshirty-unisex","8":"product_cat-wszystko","10":"first","11":"outofstock","12":"taxable","13":"shipping-taxable","14":"purchasable","15":"product-type-variable","16":"has-default-attributes"},"bundled_by":[],"bundle_stock_status":"outofstock","bundle_stock_quantity":null,"bundle_virtual":false,"bundle_layout":"","bundle_add_to_cart_form_location":"","bundle_editable_in_cart":false,"bundle_sold_individually_context":"","bundle_item_grouping":"","bundle_min_size":"","bundle_max_size":"","bundle_price":[],"bundled_items":[],"bundle_sell_ids":[],"yoast_head":"<!-- This site is optimized with the Yoast SEO Premium plugin v20.0 (Yoast SEO v26.5) - https:\/\/yoast.com\/wordpress\/plugins\/seo\/ -->\n<title>Surf t-shirt Unisex - No Bad Waves Ecru T-shirt Oversize WHYSOSERIOUS store<\/title>\n<meta name=\"description\" content=\"Bia\u0142y T-shirt oversize No Bad Waves wyr\u00f3\u017cnia si\u0119 oryginalnym surferskim nadrukiem, kt\u00f3ry dodaje mu niepowtarzalnego charakteru.\" \/>\n<meta name=\"robots\" content=\"index, follow, max-snippet:-1, max-image-preview:large, max-video-preview:-1\" \/>\n<link rel=\"canonical\" href=\"https:\/\/whysoseriousstore.com\/eng\/no-bad-waves-ecru-t-shirt-oversize\/\" \/>\n<meta property=\"og:locale\" content=\"en_GB\" \/>\n<meta property=\"og:type\" content=\"article\" \/>\n<meta property=\"og:title\" content=\"No Bad Waves Ecru T-shirt Oversize\" \/>\n<meta property=\"og:description\" content=\"Bia\u0142y T-shirt oversize No Bad Waves wyr\u00f3\u017cnia si\u0119 oryginalnym surferskim nadrukiem, kt\u00f3ry dodaje mu niepowtarzalnego charakteru.\" \/>\n<meta property=\"og:url\" content=\"https:\/\/whysoseriousstore.com\/eng\/no-bad-waves-ecru-t-shirt-oversize\/\" \/>\n<meta property=\"og:site_name\" content=\"WHYSOSERIOUS store\" \/>\n<meta property=\"article:modified_time\" content=\"2026-02-22T12:34:34+00:00\" \/>\n<meta property=\"og:image\" content=\"https:\/\/whysoseriousstore.com\/wp-content\/uploads\/2024\/08\/Whysoserious-streetwear-surferska-bluza-i-koszulka-damska-11.jpg\" \/>\n\t<meta property=\"og:image:width\" content=\"1000\" \/>\n\t<meta property=\"og:image:height\" content=\"1500\" \/>\n\t<meta property=\"og:image:type\" content=\"image\/jpeg\" \/>\n<meta name=\"twitter:card\" content=\"summary_large_image\" \/>\n<meta name=\"twitter:label1\" content=\"Estimated reading time\" \/>\n\t<meta name=\"twitter:data1\" content=\"2 minutes\" \/>\n<script type=\"application\/ld+json\" class=\"yoast-schema-graph\">{\"@context\":\"https:\/\/schema.org\",\"@graph\":[{\"@type\":\"WebPage\",\"@id\":\"https:\/\/whysoseriousstore.com\/no-bad-waves-ecru-t-shirt-oversize\/\",\"url\":\"https:\/\/whysoseriousstore.com\/no-bad-waves-ecru-t-shirt-oversize\/\",\"name\":\"Surf t-shirt Unisex - No Bad Waves Ecru T-shirt Oversize WHYSOSERIOUS store\",\"isPartOf\":{\"@id\":\"https:\/\/whysoseriousstore.com\/#website\"},\"primaryImageOfPage\":{\"@id\":\"https:\/\/whysoseriousstore.com\/no-bad-waves-ecru-t-shirt-oversize\/#primaryimage\"},\"image\":{\"@id\":\"https:\/\/whysoseriousstore.com\/no-bad-waves-ecru-t-shirt-oversize\/#primaryimage\"},\"thumbnailUrl\":\"https:\/\/whysoseriousstore.com\/wp-content\/uploads\/2024\/08\/Whysoserious-streetwear-surferska-bluza-i-koszulka-damska-11.jpg\",\"datePublished\":\"2024-08-23T14:19:34+00:00\",\"dateModified\":\"2026-02-22T12:34:34+00:00\",\"description\":\"Bia\u0142y T-shirt oversize No Bad Waves wyr\u00f3\u017cnia si\u0119 oryginalnym surferskim nadrukiem, kt\u00f3ry dodaje mu niepowtarzalnego charakteru.\",\"breadcrumb\":{\"@id\":\"https:\/\/whysoseriousstore.com\/no-bad-waves-ecru-t-shirt-oversize\/#breadcrumb\"},\"inLanguage\":\"en-GB\",\"potentialAction\":[{\"@type\":\"ReadAction\",\"target\":[\"https:\/\/whysoseriousstore.com\/no-bad-waves-ecru-t-shirt-oversize\/\"]}]},{\"@type\":\"ImageObject\",\"inLanguage\":\"en-GB\",\"@id\":\"https:\/\/whysoseriousstore.com\/no-bad-waves-ecru-t-shirt-oversize\/#primaryimage\",\"url\":\"https:\/\/whysoseriousstore.com\/wp-content\/uploads\/2024\/08\/Whysoserious-streetwear-surferska-bluza-i-koszulka-damska-11.jpg\",\"contentUrl\":\"https:\/\/whysoseriousstore.com\/wp-content\/uploads\/2024\/08\/Whysoserious-streetwear-surferska-bluza-i-koszulka-damska-11.jpg\",\"width\":1000,\"height\":1500},{\"@type\":\"BreadcrumbList\",\"@id\":\"https:\/\/whysoseriousstore.com\/no-bad-waves-ecru-t-shirt-oversize\/#breadcrumb\",\"itemListElement\":[{\"@type\":\"ListItem\",\"position\":1,\"name\":\"Strona g\u0142\u00f3wna\",\"item\":\"https:\/\/whysoseriousstore.com\/\"},{\"@type\":\"ListItem\",\"position\":2,\"name\":\"Sklep\",\"item\":\"https:\/\/whysoseriousstore.com\/sklep\/\"},{\"@type\":\"ListItem\",\"position\":3,\"name\":\"No Bad Waves Ecru T-shirt Oversize\"}]},{\"@type\":\"WebSite\",\"@id\":\"https:\/\/whysoseriousstore.com\/#website\",\"url\":\"https:\/\/whysoseriousstore.com\/\",\"name\":\"WHYSOSERIOUS store\",\"description\":\"\",\"potentialAction\":[{\"@type\":\"SearchAction\",\"target\":{\"@type\":\"EntryPoint\",\"urlTemplate\":\"https:\/\/whysoseriousstore.com\/?s={search_term_string}\"},\"query-input\":{\"@type\":\"PropertyValueSpecification\",\"valueRequired\":true,\"valueName\":\"search_term_string\"}}],\"inLanguage\":\"en-GB\"}]}<\/script>\n<!-- \/ Yoast SEO Premium plugin. -->","yoast_head_json":{"title":"Surf t-shirt Unisex - No Bad Waves Ecru T-shirt Oversize WHYSOSERIOUS store","description":"Bia\u0142y T-shirt oversize No Bad Waves wyr\u00f3\u017cnia si\u0119 oryginalnym surferskim nadrukiem, kt\u00f3ry dodaje mu niepowtarzalnego charakteru.","robots":{"index":"index","follow":"follow","max-snippet":"max-snippet:-1","max-image-preview":"max-image-preview:large","max-video-preview":"max-video-preview:-1"},"canonical":"https:\/\/whysoseriousstore.com\/eng\/no-bad-waves-ecru-t-shirt-oversize\/","og_locale":"en_GB","og_type":"article","og_title":"No Bad Waves Ecru T-shirt Oversize","og_description":"Bia\u0142y T-shirt oversize No Bad Waves wyr\u00f3\u017cnia si\u0119 oryginalnym surferskim nadrukiem, kt\u00f3ry dodaje mu niepowtarzalnego charakteru.","og_url":"https:\/\/whysoseriousstore.com\/eng\/no-bad-waves-ecru-t-shirt-oversize\/","og_site_name":"WHYSOSERIOUS store","article_modified_time":"2026-02-22T12:34:34+00:00","og_image":[{"width":1000,"height":1500,"url":"https:\/\/whysoseriousstore.com\/wp-content\/uploads\/2024\/08\/Whysoserious-streetwear-surferska-bluza-i-koszulka-damska-11.jpg","type":"image\/jpeg"}],"twitter_card":"summary_large_image","twitter_misc":{"Estimated reading time":"2 minutes"},"schema":{"@context":"https:\/\/schema.org","@graph":[{"@type":"WebPage","@id":"https:\/\/whysoseriousstore.com\/no-bad-waves-ecru-t-shirt-oversize\/","url":"https:\/\/whysoseriousstore.com\/no-bad-waves-ecru-t-shirt-oversize\/","name":"Surf t-shirt Unisex - No Bad Waves Ecru T-shirt Oversize WHYSOSERIOUS store","isPartOf":{"@id":"https:\/\/whysoseriousstore.com\/#website"},"primaryImageOfPage":{"@id":"https:\/\/whysoseriousstore.com\/no-bad-waves-ecru-t-shirt-oversize\/#primaryimage"},"image":{"@id":"https:\/\/whysoseriousstore.com\/no-bad-waves-ecru-t-shirt-oversize\/#primaryimage"},"thumbnailUrl":"https:\/\/whysoseriousstore.com\/wp-content\/uploads\/2024\/08\/Whysoserious-streetwear-surferska-bluza-i-koszulka-damska-11.jpg","datePublished":"2024-08-23T14:19:34+00:00","dateModified":"2026-02-22T12:34:34+00:00","description":"Bia\u0142y T-shirt oversize No Bad Waves wyr\u00f3\u017cnia si\u0119 oryginalnym surferskim nadrukiem, kt\u00f3ry dodaje mu niepowtarzalnego charakteru.","breadcrumb":{"@id":"https:\/\/whysoseriousstore.com\/no-bad-waves-ecru-t-shirt-oversize\/#breadcrumb"},"inLanguage":"en-GB","potentialAction":[{"@type":"ReadAction","target":["https:\/\/whysoseriousstore.com\/no-bad-waves-ecru-t-shirt-oversize\/"]}]},{"@type":"ImageObject","inLanguage":"en-GB","@id":"https:\/\/whysoseriousstore.com\/no-bad-waves-ecru-t-shirt-oversize\/#primaryimage","url":"https:\/\/whysoseriousstore.com\/wp-content\/uploads\/2024\/08\/Whysoserious-streetwear-surferska-bluza-i-koszulka-damska-11.jpg","contentUrl":"https:\/\/whysoseriousstore.com\/wp-content\/uploads\/2024\/08\/Whysoserious-streetwear-surferska-bluza-i-koszulka-damska-11.jpg","width":1000,"height":1500},{"@type":"BreadcrumbList","@id":"https:\/\/whysoseriousstore.com\/no-bad-waves-ecru-t-shirt-oversize\/#breadcrumb","itemListElement":[{"@type":"ListItem","position":1,"name":"Strona g\u0142\u00f3wna","item":"https:\/\/whysoseriousstore.com\/"},{"@type":"ListItem","position":2,"name":"Sklep","item":"https:\/\/whysoseriousstore.com\/sklep\/"},{"@type":"ListItem","position":3,"name":"No Bad Waves Ecru T-shirt Oversize"}]},{"@type":"WebSite","@id":"https:\/\/whysoseriousstore.com\/#website","url":"https:\/\/whysoseriousstore.com\/","name":"WHYSOSERIOUS store","description":"","potentialAction":[{"@type":"SearchAction","target":{"@type":"EntryPoint","urlTemplate":"https:\/\/whysoseriousstore.com\/?s={search_term_string}"},"query-input":{"@type":"PropertyValueSpecification","valueRequired":true,"valueName":"search_term_string"}}],"inLanguage":"en-GB"}]}},"_links":{"self":[{"href":"https:\/\/whysoseriousstore.com\/eng\/wp-json\/wp\/v2\/product\/18510","targetHints":{"allow":["GET"]}}],"collection":[{"href":"https:\/\/whysoseriousstore.com\/eng\/wp-json\/wp\/v2\/product"}],"about":[{"href":"https:\/\/whysoseriousstore.com\/eng\/wp-json\/wp\/v2\/types\/product"}],"wp:featuredmedia":[{"embeddable":true,"href":"https:\/\/whysoseriousstore.com\/eng\/wp-json\/wp\/v2\/media\/18570"}],"wp:attachment":[{"href":"https:\/\/whysoseriousstore.com\/eng\/wp-json\/wp\/v2\/media?parent=18510"}],"wp:term":[{"taxonomy":"product_brand","embeddable":true,"href":"https:\/\/whysoseriousstore.com\/eng\/wp-json\/wp\/v2\/product_brand?post=18510"},{"taxonomy":"product_cat","embeddable":true,"href":"https:\/\/whysoseriousstore.com\/eng\/wp-json\/wp\/v2\/product_cat?post=18510"},{"taxonomy":"product_tag","embeddable":true,"href":"https:\/\/whysoseriousstore.com\/eng\/wp-json\/wp\/v2\/product_tag?post=18510"}],"curies":[{"name":"wp","href":"https:\/\/api.w.org\/{rel}","templated":true}]}}