{"id":20069,"date":"2024-12-16T11:16:09","date_gmt":"2024-12-16T10:16:09","guid":{"rendered":"https:\/\/whysoseriousstore.com\/?post_type=product&#038;p=20069"},"modified":"2026-04-30T09:26:48","modified_gmt":"2026-04-30T07:26:48","slug":"bluza-z-kapturem-pleasures-vintage-blue","status":"publish","type":"product","link":"https:\/\/whysoseriousstore.com\/eng\/bluza-z-kapturem-pleasures-vintage-blue\/","title":{"rendered":"Hoodie Pleasures Vintage Blue"},"content":{"rendered":"<p>Hooded sweatshirt in shade <em>vintage blue <\/em>is the perfect choice for those who like minimalism with character. Its loose fit, soft cotton and timeless design make it perfect for any situation. The Pleasures sweatshirt in a new, muted grey with a hint of navy blue is a new version of our bestselling sweatshirt. The oversized, loose fit combined with the new colour gives the sweatshirt a unique character and provides total comfort.<\/p>\n<p>Print on back <strong>Take your pleasures seriously<\/strong> is a subtle statement that says a lot, but without making too much noise. It's a sweatshirt for people who know what they want but can approach life with detachment. Colour <em>vintage blue <\/em>gives the sweatshirt an atmospheric effect.<\/p>\n<p>The sweatshirt is unisex, so it suits anyone who appreciates comfort and a versatile look. It goes perfectly with your favourite jeans, leggings or oversize jacket. Thanks to the durable print and high-quality workmanship, it will accompany you for many seasons.This is one of those wardrobe items you reach for when you want to look good effortlessly.<\/p>\n<p>Choose WHYSOSERIOUS and join the ranks of those who take their pleasures seriously - in their own unique style. The Pleasures sweatshirt is our answer to the need <strong>quality classics<\/strong>, which never goes out of fashion, goes with everything and, above all, makes you feel fabulous without going overboard.<\/p>\n<p><strong>THE HIGHEST QUALITY, MADE IN POLAND.\u00a0<\/strong><\/p>\n<p><a href=\"https:\/\/whysoseriousstore.com\/eng\/tshirty-damskie\/\">See also our t-shirts!<\/a><br \/>\nVisit us at <a href=\"https:\/\/www.instagram.com\/wss.whysoserious\/\">instagram<\/a> i <a href=\"https:\/\/www.facebook.com\/WSS.whysoserious\">facebook<\/a>.<\/p>","protected":false},"excerpt":{"rendered":"<p>Bluza z kapturem w odcieniu vintage blue to idealny wyb\u00f3r dla tych, kt\u00f3rzy lubi\u0105 minimalizm z charakterem. Jej lu\u017any fason, mi\u0119kka bawe\u0142na i ponadczasowy design sprawiaj\u0105, \u017ce \u015bwietnie sprawdzi si\u0119 w ka\u017cdej sytuacji. Bluza Pleasures w nowym, przygaszonej szaro\u015bci z nutk\u0105 granatu, to nowa ods\u0142ona naszej bestsellerowej ju\u017c bluzy. Oversize&#8217;owy, lu\u017any kr\u00f3j w po\u0142\u0105czeniu z [&hellip;]<\/p>\n","protected":false},"featured_media":25558,"template":"","meta":[],"product_brand":[],"product_cat":[169,141,180,176,111,107,127],"product_tag":[],"class_list":{"0":"post-20069","1":"product","2":"type-product","3":"status-publish","4":"has-post-thumbnail","6":"product_cat-gift-guide","7":"product_cat-men","8":"product_cat-spring-sale","9":"product_cat-womens-day","10":"product_cat-bluzy-unisex","11":"product_cat-bestsellers","12":"product_cat-wszystko","14":"first","15":"instock","16":"sale","17":"taxable","18":"shipping-taxable","19":"purchasable","20":"product-type-variable","21":"has-default-attributes"},"bundled_by":[],"bundle_stock_status":"instock","bundle_stock_quantity":null,"bundle_virtual":false,"bundle_layout":"","bundle_add_to_cart_form_location":"","bundle_editable_in_cart":false,"bundle_sold_individually_context":"","bundle_item_grouping":"","bundle_min_size":"","bundle_max_size":"","bundle_price":[],"bundled_items":[],"bundle_sell_ids":[],"yoast_head":"<!-- This site is optimized with the Yoast SEO Premium plugin v20.0 (Yoast SEO v26.5) - https:\/\/yoast.com\/wordpress\/plugins\/seo\/ -->\n<title>Bluza z kapturem Pleasures - WHYSOSERIOUS store<\/title>\n<meta name=\"description\" content=\"Szaro granatowa bluza z kapturem typu oversize z obni\u017con\u0105 lini\u0105 ramion. Kr\u00f3j UNISEX. Z ty\u0142u bluzy du\u017cy bia\u0142y nadruk Take your pleasures seriously.\" \/>\n<meta name=\"robots\" content=\"index, follow, max-snippet:-1, max-image-preview:large, max-video-preview:-1\" \/>\n<link rel=\"canonical\" href=\"https:\/\/whysoseriousstore.com\/eng\/bluza-z-kapturem-pleasures-vintage-blue\/\" \/>\n<meta property=\"og:locale\" content=\"en_GB\" \/>\n<meta property=\"og:type\" content=\"article\" \/>\n<meta property=\"og:title\" content=\"Bluza z kapturem Pleasures Vintage Blue\" \/>\n<meta property=\"og:description\" content=\"Szaro granatowa bluza z kapturem typu oversize z obni\u017con\u0105 lini\u0105 ramion. Kr\u00f3j UNISEX. Z ty\u0142u bluzy du\u017cy bia\u0142y nadruk Take your pleasures seriously.\" \/>\n<meta property=\"og:url\" content=\"https:\/\/whysoseriousstore.com\/eng\/bluza-z-kapturem-pleasures-vintage-blue\/\" \/>\n<meta property=\"og:site_name\" content=\"WHYSOSERIOUS store\" \/>\n<meta property=\"article:modified_time\" content=\"2026-04-30T07:26:48+00:00\" \/>\n<meta property=\"og:image\" content=\"https:\/\/whysoseriousstore.com\/wp-content\/uploads\/2024\/12\/Bluza-z-kapturem-oversize-Damska-Whysoserious-6.jpg\" \/>\n\t<meta property=\"og:image:width\" content=\"1000\" \/>\n\t<meta property=\"og:image:height\" content=\"1500\" \/>\n\t<meta property=\"og:image:type\" content=\"image\/jpeg\" \/>\n<meta name=\"twitter:card\" content=\"summary_large_image\" \/>\n<meta name=\"twitter:label1\" content=\"Estimated reading time\" \/>\n\t<meta name=\"twitter:data1\" content=\"2 minutes\" \/>\n<script type=\"application\/ld+json\" class=\"yoast-schema-graph\">{\"@context\":\"https:\/\/schema.org\",\"@graph\":[{\"@type\":\"WebPage\",\"@id\":\"https:\/\/whysoseriousstore.com\/bluza-z-kapturem-pleasures-vintage-blue\/\",\"url\":\"https:\/\/whysoseriousstore.com\/bluza-z-kapturem-pleasures-vintage-blue\/\",\"name\":\"Bluza z kapturem Pleasures - WHYSOSERIOUS store\",\"isPartOf\":{\"@id\":\"https:\/\/whysoseriousstore.com\/#website\"},\"primaryImageOfPage\":{\"@id\":\"https:\/\/whysoseriousstore.com\/bluza-z-kapturem-pleasures-vintage-blue\/#primaryimage\"},\"image\":{\"@id\":\"https:\/\/whysoseriousstore.com\/bluza-z-kapturem-pleasures-vintage-blue\/#primaryimage\"},\"thumbnailUrl\":\"https:\/\/whysoseriousstore.com\/wp-content\/uploads\/2024\/12\/Bluza-z-kapturem-oversize-Damska-Whysoserious-6.jpg\",\"datePublished\":\"2024-12-16T10:16:09+00:00\",\"dateModified\":\"2026-04-30T07:26:48+00:00\",\"description\":\"Szaro granatowa bluza z kapturem typu oversize z obni\u017con\u0105 lini\u0105 ramion. Kr\u00f3j UNISEX. Z ty\u0142u bluzy du\u017cy bia\u0142y nadruk Take your pleasures seriously.\",\"breadcrumb\":{\"@id\":\"https:\/\/whysoseriousstore.com\/bluza-z-kapturem-pleasures-vintage-blue\/#breadcrumb\"},\"inLanguage\":\"en-GB\",\"potentialAction\":[{\"@type\":\"ReadAction\",\"target\":[\"https:\/\/whysoseriousstore.com\/bluza-z-kapturem-pleasures-vintage-blue\/\"]}]},{\"@type\":\"ImageObject\",\"inLanguage\":\"en-GB\",\"@id\":\"https:\/\/whysoseriousstore.com\/bluza-z-kapturem-pleasures-vintage-blue\/#primaryimage\",\"url\":\"https:\/\/whysoseriousstore.com\/wp-content\/uploads\/2024\/12\/Bluza-z-kapturem-oversize-Damska-Whysoserious-6.jpg\",\"contentUrl\":\"https:\/\/whysoseriousstore.com\/wp-content\/uploads\/2024\/12\/Bluza-z-kapturem-oversize-Damska-Whysoserious-6.jpg\",\"width\":1000,\"height\":1500},{\"@type\":\"BreadcrumbList\",\"@id\":\"https:\/\/whysoseriousstore.com\/bluza-z-kapturem-pleasures-vintage-blue\/#breadcrumb\",\"itemListElement\":[{\"@type\":\"ListItem\",\"position\":1,\"name\":\"Strona g\u0142\u00f3wna\",\"item\":\"https:\/\/whysoseriousstore.com\/\"},{\"@type\":\"ListItem\",\"position\":2,\"name\":\"Sklep\",\"item\":\"https:\/\/whysoseriousstore.com\/sklep\/\"},{\"@type\":\"ListItem\",\"position\":3,\"name\":\"Bluza z kapturem Pleasures Vintage Blue\"}]},{\"@type\":\"WebSite\",\"@id\":\"https:\/\/whysoseriousstore.com\/#website\",\"url\":\"https:\/\/whysoseriousstore.com\/\",\"name\":\"WHYSOSERIOUS store\",\"description\":\"\",\"potentialAction\":[{\"@type\":\"SearchAction\",\"target\":{\"@type\":\"EntryPoint\",\"urlTemplate\":\"https:\/\/whysoseriousstore.com\/?s={search_term_string}\"},\"query-input\":{\"@type\":\"PropertyValueSpecification\",\"valueRequired\":true,\"valueName\":\"search_term_string\"}}],\"inLanguage\":\"en-GB\"}]}<\/script>\n<!-- \/ Yoast SEO Premium plugin. -->","yoast_head_json":{"title":"Bluza z kapturem Pleasures - WHYSOSERIOUS store","description":"Szaro granatowa bluza z kapturem typu oversize z obni\u017con\u0105 lini\u0105 ramion. Kr\u00f3j UNISEX. Z ty\u0142u bluzy du\u017cy bia\u0142y nadruk Take your pleasures seriously.","robots":{"index":"index","follow":"follow","max-snippet":"max-snippet:-1","max-image-preview":"max-image-preview:large","max-video-preview":"max-video-preview:-1"},"canonical":"https:\/\/whysoseriousstore.com\/eng\/bluza-z-kapturem-pleasures-vintage-blue\/","og_locale":"en_GB","og_type":"article","og_title":"Bluza z kapturem Pleasures Vintage Blue","og_description":"Szaro granatowa bluza z kapturem typu oversize z obni\u017con\u0105 lini\u0105 ramion. Kr\u00f3j UNISEX. Z ty\u0142u bluzy du\u017cy bia\u0142y nadruk Take your pleasures seriously.","og_url":"https:\/\/whysoseriousstore.com\/eng\/bluza-z-kapturem-pleasures-vintage-blue\/","og_site_name":"WHYSOSERIOUS store","article_modified_time":"2026-04-30T07:26:48+00:00","og_image":[{"width":1000,"height":1500,"url":"https:\/\/whysoseriousstore.com\/wp-content\/uploads\/2024\/12\/Bluza-z-kapturem-oversize-Damska-Whysoserious-6.jpg","type":"image\/jpeg"}],"twitter_card":"summary_large_image","twitter_misc":{"Estimated reading time":"2 minutes"},"schema":{"@context":"https:\/\/schema.org","@graph":[{"@type":"WebPage","@id":"https:\/\/whysoseriousstore.com\/bluza-z-kapturem-pleasures-vintage-blue\/","url":"https:\/\/whysoseriousstore.com\/bluza-z-kapturem-pleasures-vintage-blue\/","name":"Bluza z kapturem Pleasures - WHYSOSERIOUS store","isPartOf":{"@id":"https:\/\/whysoseriousstore.com\/#website"},"primaryImageOfPage":{"@id":"https:\/\/whysoseriousstore.com\/bluza-z-kapturem-pleasures-vintage-blue\/#primaryimage"},"image":{"@id":"https:\/\/whysoseriousstore.com\/bluza-z-kapturem-pleasures-vintage-blue\/#primaryimage"},"thumbnailUrl":"https:\/\/whysoseriousstore.com\/wp-content\/uploads\/2024\/12\/Bluza-z-kapturem-oversize-Damska-Whysoserious-6.jpg","datePublished":"2024-12-16T10:16:09+00:00","dateModified":"2026-04-30T07:26:48+00:00","description":"Szaro granatowa bluza z kapturem typu oversize z obni\u017con\u0105 lini\u0105 ramion. Kr\u00f3j UNISEX. Z ty\u0142u bluzy du\u017cy bia\u0142y nadruk Take your pleasures seriously.","breadcrumb":{"@id":"https:\/\/whysoseriousstore.com\/bluza-z-kapturem-pleasures-vintage-blue\/#breadcrumb"},"inLanguage":"en-GB","potentialAction":[{"@type":"ReadAction","target":["https:\/\/whysoseriousstore.com\/bluza-z-kapturem-pleasures-vintage-blue\/"]}]},{"@type":"ImageObject","inLanguage":"en-GB","@id":"https:\/\/whysoseriousstore.com\/bluza-z-kapturem-pleasures-vintage-blue\/#primaryimage","url":"https:\/\/whysoseriousstore.com\/wp-content\/uploads\/2024\/12\/Bluza-z-kapturem-oversize-Damska-Whysoserious-6.jpg","contentUrl":"https:\/\/whysoseriousstore.com\/wp-content\/uploads\/2024\/12\/Bluza-z-kapturem-oversize-Damska-Whysoserious-6.jpg","width":1000,"height":1500},{"@type":"BreadcrumbList","@id":"https:\/\/whysoseriousstore.com\/bluza-z-kapturem-pleasures-vintage-blue\/#breadcrumb","itemListElement":[{"@type":"ListItem","position":1,"name":"Strona g\u0142\u00f3wna","item":"https:\/\/whysoseriousstore.com\/"},{"@type":"ListItem","position":2,"name":"Sklep","item":"https:\/\/whysoseriousstore.com\/sklep\/"},{"@type":"ListItem","position":3,"name":"Bluza z kapturem Pleasures Vintage Blue"}]},{"@type":"WebSite","@id":"https:\/\/whysoseriousstore.com\/#website","url":"https:\/\/whysoseriousstore.com\/","name":"WHYSOSERIOUS store","description":"","potentialAction":[{"@type":"SearchAction","target":{"@type":"EntryPoint","urlTemplate":"https:\/\/whysoseriousstore.com\/?s={search_term_string}"},"query-input":{"@type":"PropertyValueSpecification","valueRequired":true,"valueName":"search_term_string"}}],"inLanguage":"en-GB"}]}},"_links":{"self":[{"href":"https:\/\/whysoseriousstore.com\/eng\/wp-json\/wp\/v2\/product\/20069","targetHints":{"allow":["GET"]}}],"collection":[{"href":"https:\/\/whysoseriousstore.com\/eng\/wp-json\/wp\/v2\/product"}],"about":[{"href":"https:\/\/whysoseriousstore.com\/eng\/wp-json\/wp\/v2\/types\/product"}],"wp:featuredmedia":[{"embeddable":true,"href":"https:\/\/whysoseriousstore.com\/eng\/wp-json\/wp\/v2\/media\/25558"}],"wp:attachment":[{"href":"https:\/\/whysoseriousstore.com\/eng\/wp-json\/wp\/v2\/media?parent=20069"}],"wp:term":[{"taxonomy":"product_brand","embeddable":true,"href":"https:\/\/whysoseriousstore.com\/eng\/wp-json\/wp\/v2\/product_brand?post=20069"},{"taxonomy":"product_cat","embeddable":true,"href":"https:\/\/whysoseriousstore.com\/eng\/wp-json\/wp\/v2\/product_cat?post=20069"},{"taxonomy":"product_tag","embeddable":true,"href":"https:\/\/whysoseriousstore.com\/eng\/wp-json\/wp\/v2\/product_tag?post=20069"}],"curies":[{"name":"wp","href":"https:\/\/api.w.org\/{rel}","templated":true}]}}