{"id":26287,"date":"2026-02-22T18:02:12","date_gmt":"2026-02-22T17:02:12","guid":{"rendered":"https:\/\/whysoseriousstore.com\/?post_type=product&#038;p=26287"},"modified":"2026-04-28T21:47:14","modified_gmt":"2026-04-28T19:47:14","slug":"bluza-polo-wss-brown","status":"publish","type":"product","link":"https:\/\/whysoseriousstore.com\/eng\/bluza-polo-wss-brown\/","title":{"rendered":"Polo sweatshirt WSS Brown"},"content":{"rendered":"<p data-start=\"200\" data-end=\"591\"><strong data-start=\"200\" data-end=\"224\">Polo sweatshirt WSS Brown<\/strong> is a combination of comfort, casualness and timeless style in a modern way. Inspired by the relaxed rhythm of slow life and everyday comfort, it works equally well for urban styling as it does for outings, walks or lazy mornings. The warm brown shade gives it an elegant, natural feel that fits perfectly with current trends.<\/p>\n<p data-start=\"593\" data-end=\"978\">The minimalist form of the polo sweatshirt makes this model balance between casual and a more refined look. It is a universal unisex proposal, which looks great both with casual trousers and classic jeans. The muted colour scheme makes it easy to style and makes the sweatshirt an ideal base for everyday outfits - without too much effort, but with a sense of style.<\/p>\n<p data-start=\"980\" data-end=\"1335\">The sweatshirt is made from high-quality cotton, making it soft, pleasant to the touch and comfortable to wear all day long. The loose fit provides freedom of movement and a subtle oversize effect that emphasises its modern, unforced character. This is a model that will quickly become one of your favourite wardrobe pieces - whatever the season.<\/p>\n<p>The model in the photo wears size L and is 171 cm tall.<\/p>\n<p><strong>THE HIGHEST QUALITY, MADE IN POLAND.\u00a0<\/strong><\/p>\n<p><a href=\"https:\/\/whysoseriousstore.com\/eng\/tshirty-damskie\/\">See also our t-shirts!<\/a><br \/>\nVisit us at <a href=\"https:\/\/www.instagram.com\/wss.whysoserious\/\">instagram<\/a> i <a href=\"https:\/\/www.facebook.com\/WSS.whysoserious\">facebook<\/a>.<\/p>","protected":false},"excerpt":{"rendered":"<p>Bluza Polo WSS Brown to po\u0142\u0105czenie komfortu, swobodnego luzu i ponadczasowego stylu w nowoczesnym wydaniu. Inspirowana spokojnym rytmem slow life i codzienn\u0105 wygod\u0105, sprawdzi si\u0119 zar\u00f3wno w miejskich stylizacjach, jak i podczas wyjazd\u00f3w, spacer\u00f3w czy leniwych porank\u00f3w. Ciep\u0142y, br\u0105zowy odcie\u0144 nadaje jej eleganckiego, naturalnego charakteru, kt\u00f3ry doskonale wpisuje si\u0119 w aktualne trendy. Minimalistyczna forma bluzy [&hellip;]<\/p>\n","protected":false},"featured_media":26848,"template":"","meta":[],"product_brand":[],"product_cat":[111,108,127],"product_tag":[],"class_list":{"0":"post-26287","1":"product","2":"type-product","3":"status-publish","4":"has-post-thumbnail","6":"product_cat-bluzy-unisex","7":"product_cat-new","8":"product_cat-wszystko","10":"first","11":"instock","12":"taxable","13":"shipping-taxable","14":"purchasable","15":"product-type-variable","16":"has-default-attributes"},"bundled_by":["26967"],"bundle_stock_status":"instock","bundle_stock_quantity":null,"bundle_virtual":false,"bundle_layout":"","bundle_add_to_cart_form_location":"","bundle_editable_in_cart":false,"bundle_sold_individually_context":"","bundle_item_grouping":"","bundle_min_size":"","bundle_max_size":"","bundle_price":[],"bundled_items":[],"bundle_sell_ids":[],"yoast_head":"<!-- This site is optimized with the Yoast SEO Premium plugin v20.0 (Yoast SEO v26.5) - https:\/\/yoast.com\/wordpress\/plugins\/seo\/ -->\n<title>Bluza Polo WSS Brown - WHYSOSERIOUS store<\/title>\n<meta name=\"description\" content=\"Bluza Polo WSS Brown \u0142\u0105czy wysok\u0105 jako\u015b\u0107 wykonania i lu\u017any styl. Oversize&#039;owy kr\u00f3j, kt\u00f3ry nada klimatu ka\u017cdej stylizacji.\" \/>\n<meta name=\"robots\" content=\"index, follow, max-snippet:-1, max-image-preview:large, max-video-preview:-1\" \/>\n<link rel=\"canonical\" href=\"https:\/\/whysoseriousstore.com\/eng\/bluza-polo-wss-brown\/\" \/>\n<meta property=\"og:locale\" content=\"en_GB\" \/>\n<meta property=\"og:type\" content=\"article\" \/>\n<meta property=\"og:title\" content=\"Bluza Polo WSS Brown\" \/>\n<meta property=\"og:description\" content=\"Bluza Polo WSS Brown \u0142\u0105czy wysok\u0105 jako\u015b\u0107 wykonania i lu\u017any styl. Oversize&#039;owy kr\u00f3j, kt\u00f3ry nada klimatu ka\u017cdej stylizacji.\" \/>\n<meta property=\"og:url\" content=\"https:\/\/whysoseriousstore.com\/eng\/bluza-polo-wss-brown\/\" \/>\n<meta property=\"og:site_name\" content=\"WHYSOSERIOUS store\" \/>\n<meta property=\"article:modified_time\" content=\"2026-04-28T19:47:14+00:00\" \/>\n<meta property=\"og:image\" content=\"https:\/\/whysoseriousstore.com\/wp-content\/uploads\/2026\/02\/Komplet-dresowy-brazowy-polo-Whysoserious-7.jpg\" \/>\n\t<meta property=\"og:image:width\" content=\"1125\" \/>\n\t<meta property=\"og:image:height\" content=\"1500\" \/>\n\t<meta property=\"og:image:type\" content=\"image\/jpeg\" \/>\n<meta name=\"twitter:card\" content=\"summary_large_image\" \/>\n<meta name=\"twitter:label1\" content=\"Estimated reading time\" \/>\n\t<meta name=\"twitter:data1\" content=\"2 minutes\" \/>\n<script type=\"application\/ld+json\" class=\"yoast-schema-graph\">{\"@context\":\"https:\/\/schema.org\",\"@graph\":[{\"@type\":\"WebPage\",\"@id\":\"https:\/\/whysoseriousstore.com\/bluza-polo-wss-brown\/\",\"url\":\"https:\/\/whysoseriousstore.com\/bluza-polo-wss-brown\/\",\"name\":\"Bluza Polo WSS Brown - WHYSOSERIOUS store\",\"isPartOf\":{\"@id\":\"https:\/\/whysoseriousstore.com\/#website\"},\"primaryImageOfPage\":{\"@id\":\"https:\/\/whysoseriousstore.com\/bluza-polo-wss-brown\/#primaryimage\"},\"image\":{\"@id\":\"https:\/\/whysoseriousstore.com\/bluza-polo-wss-brown\/#primaryimage\"},\"thumbnailUrl\":\"https:\/\/whysoseriousstore.com\/wp-content\/uploads\/2026\/02\/Komplet-dresowy-brazowy-polo-Whysoserious-7.jpg\",\"datePublished\":\"2026-02-22T17:02:12+00:00\",\"dateModified\":\"2026-04-28T19:47:14+00:00\",\"description\":\"Bluza Polo WSS Brown \u0142\u0105czy wysok\u0105 jako\u015b\u0107 wykonania i lu\u017any styl. Oversize'owy kr\u00f3j, kt\u00f3ry nada klimatu ka\u017cdej stylizacji.\",\"breadcrumb\":{\"@id\":\"https:\/\/whysoseriousstore.com\/bluza-polo-wss-brown\/#breadcrumb\"},\"inLanguage\":\"en-GB\",\"potentialAction\":[{\"@type\":\"ReadAction\",\"target\":[\"https:\/\/whysoseriousstore.com\/bluza-polo-wss-brown\/\"]}]},{\"@type\":\"ImageObject\",\"inLanguage\":\"en-GB\",\"@id\":\"https:\/\/whysoseriousstore.com\/bluza-polo-wss-brown\/#primaryimage\",\"url\":\"https:\/\/whysoseriousstore.com\/wp-content\/uploads\/2026\/02\/Komplet-dresowy-brazowy-polo-Whysoserious-7.jpg\",\"contentUrl\":\"https:\/\/whysoseriousstore.com\/wp-content\/uploads\/2026\/02\/Komplet-dresowy-brazowy-polo-Whysoserious-7.jpg\",\"width\":1125,\"height\":1500},{\"@type\":\"BreadcrumbList\",\"@id\":\"https:\/\/whysoseriousstore.com\/bluza-polo-wss-brown\/#breadcrumb\",\"itemListElement\":[{\"@type\":\"ListItem\",\"position\":1,\"name\":\"Strona g\u0142\u00f3wna\",\"item\":\"https:\/\/whysoseriousstore.com\/\"},{\"@type\":\"ListItem\",\"position\":2,\"name\":\"Sklep\",\"item\":\"https:\/\/whysoseriousstore.com\/sklep\/\"},{\"@type\":\"ListItem\",\"position\":3,\"name\":\"Bluza Polo WSS Brown\"}]},{\"@type\":\"WebSite\",\"@id\":\"https:\/\/whysoseriousstore.com\/#website\",\"url\":\"https:\/\/whysoseriousstore.com\/\",\"name\":\"WHYSOSERIOUS store\",\"description\":\"\",\"potentialAction\":[{\"@type\":\"SearchAction\",\"target\":{\"@type\":\"EntryPoint\",\"urlTemplate\":\"https:\/\/whysoseriousstore.com\/?s={search_term_string}\"},\"query-input\":{\"@type\":\"PropertyValueSpecification\",\"valueRequired\":true,\"valueName\":\"search_term_string\"}}],\"inLanguage\":\"en-GB\"}]}<\/script>\n<!-- \/ Yoast SEO Premium plugin. -->","yoast_head_json":{"title":"Bluza Polo WSS Brown - WHYSOSERIOUS store","description":"Bluza Polo WSS Brown \u0142\u0105czy wysok\u0105 jako\u015b\u0107 wykonania i lu\u017any styl. Oversize'owy kr\u00f3j, kt\u00f3ry nada klimatu ka\u017cdej stylizacji.","robots":{"index":"index","follow":"follow","max-snippet":"max-snippet:-1","max-image-preview":"max-image-preview:large","max-video-preview":"max-video-preview:-1"},"canonical":"https:\/\/whysoseriousstore.com\/eng\/bluza-polo-wss-brown\/","og_locale":"en_GB","og_type":"article","og_title":"Bluza Polo WSS Brown","og_description":"Bluza Polo WSS Brown \u0142\u0105czy wysok\u0105 jako\u015b\u0107 wykonania i lu\u017any styl. Oversize'owy kr\u00f3j, kt\u00f3ry nada klimatu ka\u017cdej stylizacji.","og_url":"https:\/\/whysoseriousstore.com\/eng\/bluza-polo-wss-brown\/","og_site_name":"WHYSOSERIOUS store","article_modified_time":"2026-04-28T19:47:14+00:00","og_image":[{"width":1125,"height":1500,"url":"https:\/\/whysoseriousstore.com\/wp-content\/uploads\/2026\/02\/Komplet-dresowy-brazowy-polo-Whysoserious-7.jpg","type":"image\/jpeg"}],"twitter_card":"summary_large_image","twitter_misc":{"Estimated reading time":"2 minutes"},"schema":{"@context":"https:\/\/schema.org","@graph":[{"@type":"WebPage","@id":"https:\/\/whysoseriousstore.com\/bluza-polo-wss-brown\/","url":"https:\/\/whysoseriousstore.com\/bluza-polo-wss-brown\/","name":"Bluza Polo WSS Brown - WHYSOSERIOUS store","isPartOf":{"@id":"https:\/\/whysoseriousstore.com\/#website"},"primaryImageOfPage":{"@id":"https:\/\/whysoseriousstore.com\/bluza-polo-wss-brown\/#primaryimage"},"image":{"@id":"https:\/\/whysoseriousstore.com\/bluza-polo-wss-brown\/#primaryimage"},"thumbnailUrl":"https:\/\/whysoseriousstore.com\/wp-content\/uploads\/2026\/02\/Komplet-dresowy-brazowy-polo-Whysoserious-7.jpg","datePublished":"2026-02-22T17:02:12+00:00","dateModified":"2026-04-28T19:47:14+00:00","description":"Bluza Polo WSS Brown \u0142\u0105czy wysok\u0105 jako\u015b\u0107 wykonania i lu\u017any styl. Oversize'owy kr\u00f3j, kt\u00f3ry nada klimatu ka\u017cdej stylizacji.","breadcrumb":{"@id":"https:\/\/whysoseriousstore.com\/bluza-polo-wss-brown\/#breadcrumb"},"inLanguage":"en-GB","potentialAction":[{"@type":"ReadAction","target":["https:\/\/whysoseriousstore.com\/bluza-polo-wss-brown\/"]}]},{"@type":"ImageObject","inLanguage":"en-GB","@id":"https:\/\/whysoseriousstore.com\/bluza-polo-wss-brown\/#primaryimage","url":"https:\/\/whysoseriousstore.com\/wp-content\/uploads\/2026\/02\/Komplet-dresowy-brazowy-polo-Whysoserious-7.jpg","contentUrl":"https:\/\/whysoseriousstore.com\/wp-content\/uploads\/2026\/02\/Komplet-dresowy-brazowy-polo-Whysoserious-7.jpg","width":1125,"height":1500},{"@type":"BreadcrumbList","@id":"https:\/\/whysoseriousstore.com\/bluza-polo-wss-brown\/#breadcrumb","itemListElement":[{"@type":"ListItem","position":1,"name":"Strona g\u0142\u00f3wna","item":"https:\/\/whysoseriousstore.com\/"},{"@type":"ListItem","position":2,"name":"Sklep","item":"https:\/\/whysoseriousstore.com\/sklep\/"},{"@type":"ListItem","position":3,"name":"Bluza Polo WSS Brown"}]},{"@type":"WebSite","@id":"https:\/\/whysoseriousstore.com\/#website","url":"https:\/\/whysoseriousstore.com\/","name":"WHYSOSERIOUS store","description":"","potentialAction":[{"@type":"SearchAction","target":{"@type":"EntryPoint","urlTemplate":"https:\/\/whysoseriousstore.com\/?s={search_term_string}"},"query-input":{"@type":"PropertyValueSpecification","valueRequired":true,"valueName":"search_term_string"}}],"inLanguage":"en-GB"}]}},"_links":{"self":[{"href":"https:\/\/whysoseriousstore.com\/eng\/wp-json\/wp\/v2\/product\/26287","targetHints":{"allow":["GET"]}}],"collection":[{"href":"https:\/\/whysoseriousstore.com\/eng\/wp-json\/wp\/v2\/product"}],"about":[{"href":"https:\/\/whysoseriousstore.com\/eng\/wp-json\/wp\/v2\/types\/product"}],"wp:featuredmedia":[{"embeddable":true,"href":"https:\/\/whysoseriousstore.com\/eng\/wp-json\/wp\/v2\/media\/26848"}],"wp:attachment":[{"href":"https:\/\/whysoseriousstore.com\/eng\/wp-json\/wp\/v2\/media?parent=26287"}],"wp:term":[{"taxonomy":"product_brand","embeddable":true,"href":"https:\/\/whysoseriousstore.com\/eng\/wp-json\/wp\/v2\/product_brand?post=26287"},{"taxonomy":"product_cat","embeddable":true,"href":"https:\/\/whysoseriousstore.com\/eng\/wp-json\/wp\/v2\/product_cat?post=26287"},{"taxonomy":"product_tag","embeddable":true,"href":"https:\/\/whysoseriousstore.com\/eng\/wp-json\/wp\/v2\/product_tag?post=26287"}],"curies":[{"name":"wp","href":"https:\/\/api.w.org\/{rel}","templated":true}]}}