{"id":27521,"date":"2026-03-24T14:04:45","date_gmt":"2026-03-24T13:04:45","guid":{"rendered":"https:\/\/whysoseriousstore.com\/?post_type=product&#038;p=27521"},"modified":"2026-04-07T21:34:20","modified_gmt":"2026-04-07T19:34:20","slug":"longsleeve-stripes-baby-blue","status":"publish","type":"product","link":"https:\/\/whysoseriousstore.com\/eng\/longsleeve-stripes-baby-blue\/","title":{"rendered":"Longsleeve Stripes Baby Blue"},"content":{"rendered":"<div class=\"flex basis-auto flex-col -mb-(--composer-overlap-px) [--composer-overlap-px:55px] grow overflow-hidden\">\n<div class=\"relative h-full\">\n<div class=\"flex h-full flex-col overflow-y-auto [scrollbar-gutter:stable_both-edges] @[84rem]\/thread:pt-(--header-height)\">\n<div class=\"@thread-xl\/thread:pt-header-height flex flex-col text-sm pb-25\">\n<article class=\"text-token-text-primary w-full focus:outline-none scroll-mt-[calc(var(--header-height)+min(200px,max(70px,20svh)))]\" dir=\"auto\" tabindex=\"-1\" data-testid=\"conversation-turn-2\" data-scroll-anchor=\"true\" data-turn=\"assistant\">\n<div class=\"text-base my-auto mx-auto pb-10 [--thread-content-margin:--spacing(4)] @[37rem]:[--thread-content-margin:--spacing(6)] @[72rem]:[--thread-content-margin:--spacing(16)] px-(--thread-content-margin)\">\n<div class=\"[--thread-content-max-width:32rem] @[34rem]:[--thread-content-max-width:40rem] @[64rem]:[--thread-content-max-width:48rem] mx-auto max-w-(--thread-content-max-width) flex-1 group\/turn-messages focus-visible:outline-hidden relative flex w-full min-w-0 flex-col agent-turn\" tabindex=\"-1\">\n<div class=\"flex max-w-full flex-col grow\">\n<div class=\"min-h-8 text-message relative flex w-full flex-col items-end gap-2 text-start break-words whitespace-normal [.text-message+&amp;]:mt-5\" dir=\"auto\" data-message-author-role=\"assistant\" data-message-id=\"d31ba12a-889a-44cd-b789-be22a613198c\" data-message-model-slug=\"gpt-4o\">\n<div class=\"flex w-full flex-col gap-1 empty:hidden first:pt-[3px]\">\n<div class=\"markdown prose dark:prose-invert w-full break-words light\">\n<p data-start=\"67\" data-end=\"397\"><strong>Longsleeve Stripes Baby Blue\u00a0<\/strong>to po\u0142\u0105czenie minimalistycznego designu i codziennej wygody. Wykonany z mi\u0119kkiej, oddychaj\u0105cej bawe\u0142ny, zapewnia komfort noszenia przez ca\u0142y dzie\u0144, niezale\u017cnie od pory roku. Klasyczny kr\u00f3j zosta\u0142 uzupe\u0142niony delikatnym, niebieskim wzorem w pasy, kt\u00f3ry nadaje stylizacji subtelnego, nowoczesnego charakteru.<\/p>\n<p data-start=\"399\" data-end=\"665\">D\u0142u\u017csze r\u0119kawy \u015bwietnie sprawdz\u0105 si\u0119 w ch\u0142odniejsze dni, a elastyczne wyko\u0144czenia dbaj\u0105 o idealne dopasowanie do sylwetki. Longsleeve doskonale komponuje si\u0119 zar\u00f3wno z jeansami, jak i bardziej sportowymi zestawami, dzi\u0119ki czemu jest uniwersalnym elementem garderoby.<\/p>\n<p data-start=\"864\" data-end=\"1117\">Wysokiej jako\u015bci bawe\u0142na premium o wysokiej gramaturze \u2013 wyj\u0105tkowo mi\u0119kka i trwa\u0142a. Przyjemna w dotyku, odporna na mechacenie i zachowuj\u0105ca form\u0119 nawet po wielu praniach. Idealna na ka\u017cd\u0105 por\u0119 roku \u2013 solo lub jako warstwa pod kurtk\u0119 czy bluz\u0119.<\/p>\n<p data-start=\"864\" data-end=\"1117\">Lu\u017cny kr\u00f3j z szerokim r\u0119kawem i delikatnie obni\u017con\u0105 lini\u0105 ramion \u2013 zapewnia komfort i swobod\u0119 noszenia bez wzgl\u0119du na okazj\u0119. To ten typ ubrania, kt\u00f3ry za\u0142o\u017cysz na spacer, kaw\u0119, do pracy albo na weekendowy wypad za miasto.<\/p>\n<p data-start=\"1362\" data-end=\"1470\" data-is-last-node=\"\" data-is-only-node=\"\"><strong>Longsleeve Stripes Baby Blue <\/strong>to prosty spos\u00f3b na stylowy look \u2013 bez wysi\u0142ku, bez kombinowania, zawsze na czasie.<\/p>\n<\/div>\n<\/div>\n<\/div>\n<\/div>\n<\/div>\n<\/div>\n<\/article>\n<\/div>\n<\/div>\n<\/div>\n<\/div>\n<p data-start=\"837\" data-end=\"932\">Modelka ma 171 cm wzrostu i nosi rozmiar M.<\/p>\n<p data-start=\"934\" data-end=\"974\"><strong data-start=\"934\" data-end=\"974\">THE HIGHEST QUALITY, MADE IN POLAND.<\/strong><\/p>\n<p><a href=\"https:\/\/whysoseriousstore.com\/tshirty-damskie\/\">Zobacz tak\u017ce nasze t-shirty!<\/a><br \/>\nOdwied\u017a nas na <a href=\"https:\/\/www.instagram.com\/wss.whysoserious\/\">instagramie<\/a> i <a href=\"https:\/\/www.facebook.com\/WSS.whysoserious\">facebooku<\/a>.<\/p>\n","protected":false},"excerpt":{"rendered":"<p>Longsleeve Stripes Baby Blue\u00a0to po\u0142\u0105czenie minimalistycznego designu i codziennej wygody. Wykonany z mi\u0119kkiej, oddychaj\u0105cej bawe\u0142ny, zapewnia komfort noszenia przez ca\u0142y dzie\u0144, niezale\u017cnie od pory roku. Klasyczny kr\u00f3j zosta\u0142 uzupe\u0142niony delikatnym, niebieskim wzorem w pasy, kt\u00f3ry nadaje stylizacji subtelnego, nowoczesnego charakteru. D\u0142u\u017csze r\u0119kawy \u015bwietnie sprawdz\u0105 si\u0119 w ch\u0142odniejsze dni, a elastyczne wyko\u0144czenia dbaj\u0105 o idealne dopasowanie [&hellip;]<\/p>\n","protected":false},"featured_media":27606,"template":"","meta":[],"product_brand":[],"product_cat":[164,110,108,127],"product_tag":[],"class_list":{"0":"post-27521","1":"product","2":"type-product","3":"status-publish","4":"has-post-thumbnail","6":"product_cat-longsleeve","7":"product_cat-tshirty-unisex","8":"product_cat-new","9":"product_cat-wszystko","11":"first","12":"instock","13":"taxable","14":"shipping-taxable","15":"purchasable","16":"product-type-variable","17":"has-default-attributes"},"bundled_by":[],"bundle_stock_status":"instock","bundle_stock_quantity":null,"bundle_virtual":false,"bundle_layout":"","bundle_add_to_cart_form_location":"","bundle_editable_in_cart":false,"bundle_sold_individually_context":"","bundle_item_grouping":"","bundle_min_size":"","bundle_max_size":"","bundle_price":[],"bundled_items":[],"bundle_sell_ids":[],"yoast_head":"<!-- This site is optimized with the Yoast SEO Premium plugin v20.0 (Yoast SEO v26.5) - https:\/\/yoast.com\/wordpress\/plugins\/seo\/ -->\n<title>Longsleeve Stripes Baby Blue - WHYSOSERIOUS store<\/title>\n<meta name=\"description\" content=\"Longsleeve Stripes Baby Blue to idealna baza Twojej garderoby. Mi\u0119sista, mi\u0119kka bawe\u0142na i ponadczasowy, oversize&#039;owy kr\u00f3j tworzy ka\u017cd\u0105 stylizacj\u0119.\" \/>\n<meta name=\"robots\" content=\"index, follow, max-snippet:-1, max-image-preview:large, max-video-preview:-1\" \/>\n<link rel=\"canonical\" href=\"https:\/\/whysoseriousstore.com\/eng\/longsleeve-stripes-baby-blue\/\" \/>\n<meta property=\"og:locale\" content=\"en_GB\" \/>\n<meta property=\"og:type\" content=\"article\" \/>\n<meta property=\"og:title\" content=\"Longsleeve Stripes Baby Blue\" \/>\n<meta property=\"og:description\" content=\"Longsleeve Stripes Baby Blue to idealna baza Twojej garderoby. Mi\u0119sista, mi\u0119kka bawe\u0142na i ponadczasowy, oversize&#039;owy kr\u00f3j tworzy ka\u017cd\u0105 stylizacj\u0119.\" \/>\n<meta property=\"og:url\" content=\"https:\/\/whysoseriousstore.com\/eng\/longsleeve-stripes-baby-blue\/\" \/>\n<meta property=\"og:site_name\" content=\"WHYSOSERIOUS store\" \/>\n<meta property=\"article:modified_time\" content=\"2026-04-07T19:34:20+00:00\" \/>\n<meta property=\"og:image\" content=\"https:\/\/whysoseriousstore.com\/wp-content\/uploads\/2026\/03\/Longsleeve-w-paski-blekitne-Whysoserious-2.jpg\" \/>\n\t<meta property=\"og:image:width\" content=\"1000\" \/>\n\t<meta property=\"og:image:height\" content=\"1500\" \/>\n\t<meta property=\"og:image:type\" content=\"image\/jpeg\" \/>\n<meta name=\"twitter:card\" content=\"summary_large_image\" \/>\n<meta name=\"twitter:label1\" content=\"Estimated reading time\" \/>\n\t<meta name=\"twitter:data1\" content=\"2 minutes\" \/>\n<script type=\"application\/ld+json\" class=\"yoast-schema-graph\">{\"@context\":\"https:\/\/schema.org\",\"@graph\":[{\"@type\":\"WebPage\",\"@id\":\"https:\/\/whysoseriousstore.com\/longsleeve-stripes-baby-blue\/\",\"url\":\"https:\/\/whysoseriousstore.com\/longsleeve-stripes-baby-blue\/\",\"name\":\"Longsleeve Stripes Baby Blue - WHYSOSERIOUS store\",\"isPartOf\":{\"@id\":\"https:\/\/whysoseriousstore.com\/#website\"},\"primaryImageOfPage\":{\"@id\":\"https:\/\/whysoseriousstore.com\/longsleeve-stripes-baby-blue\/#primaryimage\"},\"image\":{\"@id\":\"https:\/\/whysoseriousstore.com\/longsleeve-stripes-baby-blue\/#primaryimage\"},\"thumbnailUrl\":\"https:\/\/whysoseriousstore.com\/wp-content\/uploads\/2026\/03\/Longsleeve-w-paski-blekitne-Whysoserious-2.jpg\",\"datePublished\":\"2026-03-24T13:04:45+00:00\",\"dateModified\":\"2026-04-07T19:34:20+00:00\",\"description\":\"Longsleeve Stripes Baby Blue to idealna baza Twojej garderoby. Mi\u0119sista, mi\u0119kka bawe\u0142na i ponadczasowy, oversize'owy kr\u00f3j tworzy ka\u017cd\u0105 stylizacj\u0119.\",\"breadcrumb\":{\"@id\":\"https:\/\/whysoseriousstore.com\/longsleeve-stripes-baby-blue\/#breadcrumb\"},\"inLanguage\":\"en-GB\",\"potentialAction\":[{\"@type\":\"ReadAction\",\"target\":[\"https:\/\/whysoseriousstore.com\/longsleeve-stripes-baby-blue\/\"]}]},{\"@type\":\"ImageObject\",\"inLanguage\":\"en-GB\",\"@id\":\"https:\/\/whysoseriousstore.com\/longsleeve-stripes-baby-blue\/#primaryimage\",\"url\":\"https:\/\/whysoseriousstore.com\/wp-content\/uploads\/2026\/03\/Longsleeve-w-paski-blekitne-Whysoserious-2.jpg\",\"contentUrl\":\"https:\/\/whysoseriousstore.com\/wp-content\/uploads\/2026\/03\/Longsleeve-w-paski-blekitne-Whysoserious-2.jpg\",\"width\":1000,\"height\":1500},{\"@type\":\"BreadcrumbList\",\"@id\":\"https:\/\/whysoseriousstore.com\/longsleeve-stripes-baby-blue\/#breadcrumb\",\"itemListElement\":[{\"@type\":\"ListItem\",\"position\":1,\"name\":\"Strona g\u0142\u00f3wna\",\"item\":\"https:\/\/whysoseriousstore.com\/\"},{\"@type\":\"ListItem\",\"position\":2,\"name\":\"Sklep\",\"item\":\"https:\/\/whysoseriousstore.com\/sklep\/\"},{\"@type\":\"ListItem\",\"position\":3,\"name\":\"Longsleeve Stripes Baby Blue\"}]},{\"@type\":\"WebSite\",\"@id\":\"https:\/\/whysoseriousstore.com\/#website\",\"url\":\"https:\/\/whysoseriousstore.com\/\",\"name\":\"WHYSOSERIOUS store\",\"description\":\"\",\"potentialAction\":[{\"@type\":\"SearchAction\",\"target\":{\"@type\":\"EntryPoint\",\"urlTemplate\":\"https:\/\/whysoseriousstore.com\/?s={search_term_string}\"},\"query-input\":{\"@type\":\"PropertyValueSpecification\",\"valueRequired\":true,\"valueName\":\"search_term_string\"}}],\"inLanguage\":\"en-GB\"}]}<\/script>\n<!-- \/ Yoast SEO Premium plugin. -->","yoast_head_json":{"title":"Longsleeve Stripes Baby Blue - WHYSOSERIOUS store","description":"Longsleeve Stripes Baby Blue to idealna baza Twojej garderoby. Mi\u0119sista, mi\u0119kka bawe\u0142na i ponadczasowy, oversize'owy kr\u00f3j tworzy ka\u017cd\u0105 stylizacj\u0119.","robots":{"index":"index","follow":"follow","max-snippet":"max-snippet:-1","max-image-preview":"max-image-preview:large","max-video-preview":"max-video-preview:-1"},"canonical":"https:\/\/whysoseriousstore.com\/eng\/longsleeve-stripes-baby-blue\/","og_locale":"en_GB","og_type":"article","og_title":"Longsleeve Stripes Baby Blue","og_description":"Longsleeve Stripes Baby Blue to idealna baza Twojej garderoby. Mi\u0119sista, mi\u0119kka bawe\u0142na i ponadczasowy, oversize'owy kr\u00f3j tworzy ka\u017cd\u0105 stylizacj\u0119.","og_url":"https:\/\/whysoseriousstore.com\/eng\/longsleeve-stripes-baby-blue\/","og_site_name":"WHYSOSERIOUS store","article_modified_time":"2026-04-07T19:34:20+00:00","og_image":[{"width":1000,"height":1500,"url":"https:\/\/whysoseriousstore.com\/wp-content\/uploads\/2026\/03\/Longsleeve-w-paski-blekitne-Whysoserious-2.jpg","type":"image\/jpeg"}],"twitter_card":"summary_large_image","twitter_misc":{"Estimated reading time":"2 minutes"},"schema":{"@context":"https:\/\/schema.org","@graph":[{"@type":"WebPage","@id":"https:\/\/whysoseriousstore.com\/longsleeve-stripes-baby-blue\/","url":"https:\/\/whysoseriousstore.com\/longsleeve-stripes-baby-blue\/","name":"Longsleeve Stripes Baby Blue - WHYSOSERIOUS store","isPartOf":{"@id":"https:\/\/whysoseriousstore.com\/#website"},"primaryImageOfPage":{"@id":"https:\/\/whysoseriousstore.com\/longsleeve-stripes-baby-blue\/#primaryimage"},"image":{"@id":"https:\/\/whysoseriousstore.com\/longsleeve-stripes-baby-blue\/#primaryimage"},"thumbnailUrl":"https:\/\/whysoseriousstore.com\/wp-content\/uploads\/2026\/03\/Longsleeve-w-paski-blekitne-Whysoserious-2.jpg","datePublished":"2026-03-24T13:04:45+00:00","dateModified":"2026-04-07T19:34:20+00:00","description":"Longsleeve Stripes Baby Blue to idealna baza Twojej garderoby. Mi\u0119sista, mi\u0119kka bawe\u0142na i ponadczasowy, oversize'owy kr\u00f3j tworzy ka\u017cd\u0105 stylizacj\u0119.","breadcrumb":{"@id":"https:\/\/whysoseriousstore.com\/longsleeve-stripes-baby-blue\/#breadcrumb"},"inLanguage":"en-GB","potentialAction":[{"@type":"ReadAction","target":["https:\/\/whysoseriousstore.com\/longsleeve-stripes-baby-blue\/"]}]},{"@type":"ImageObject","inLanguage":"en-GB","@id":"https:\/\/whysoseriousstore.com\/longsleeve-stripes-baby-blue\/#primaryimage","url":"https:\/\/whysoseriousstore.com\/wp-content\/uploads\/2026\/03\/Longsleeve-w-paski-blekitne-Whysoserious-2.jpg","contentUrl":"https:\/\/whysoseriousstore.com\/wp-content\/uploads\/2026\/03\/Longsleeve-w-paski-blekitne-Whysoserious-2.jpg","width":1000,"height":1500},{"@type":"BreadcrumbList","@id":"https:\/\/whysoseriousstore.com\/longsleeve-stripes-baby-blue\/#breadcrumb","itemListElement":[{"@type":"ListItem","position":1,"name":"Strona g\u0142\u00f3wna","item":"https:\/\/whysoseriousstore.com\/"},{"@type":"ListItem","position":2,"name":"Sklep","item":"https:\/\/whysoseriousstore.com\/sklep\/"},{"@type":"ListItem","position":3,"name":"Longsleeve Stripes Baby Blue"}]},{"@type":"WebSite","@id":"https:\/\/whysoseriousstore.com\/#website","url":"https:\/\/whysoseriousstore.com\/","name":"WHYSOSERIOUS store","description":"","potentialAction":[{"@type":"SearchAction","target":{"@type":"EntryPoint","urlTemplate":"https:\/\/whysoseriousstore.com\/?s={search_term_string}"},"query-input":{"@type":"PropertyValueSpecification","valueRequired":true,"valueName":"search_term_string"}}],"inLanguage":"en-GB"}]}},"_links":{"self":[{"href":"https:\/\/whysoseriousstore.com\/eng\/wp-json\/wp\/v2\/product\/27521","targetHints":{"allow":["GET"]}}],"collection":[{"href":"https:\/\/whysoseriousstore.com\/eng\/wp-json\/wp\/v2\/product"}],"about":[{"href":"https:\/\/whysoseriousstore.com\/eng\/wp-json\/wp\/v2\/types\/product"}],"wp:featuredmedia":[{"embeddable":true,"href":"https:\/\/whysoseriousstore.com\/eng\/wp-json\/wp\/v2\/media\/27606"}],"wp:attachment":[{"href":"https:\/\/whysoseriousstore.com\/eng\/wp-json\/wp\/v2\/media?parent=27521"}],"wp:term":[{"taxonomy":"product_brand","embeddable":true,"href":"https:\/\/whysoseriousstore.com\/eng\/wp-json\/wp\/v2\/product_brand?post=27521"},{"taxonomy":"product_cat","embeddable":true,"href":"https:\/\/whysoseriousstore.com\/eng\/wp-json\/wp\/v2\/product_cat?post=27521"},{"taxonomy":"product_tag","embeddable":true,"href":"https:\/\/whysoseriousstore.com\/eng\/wp-json\/wp\/v2\/product_tag?post=27521"}],"curies":[{"name":"wp","href":"https:\/\/api.w.org\/{rel}","templated":true}]}}