{"id":27582,"date":"2026-03-27T20:02:11","date_gmt":"2026-03-27T19:02:11","guid":{"rendered":"https:\/\/whysoseriousstore.com\/?post_type=product&#038;p=27582"},"modified":"2026-04-09T12:11:55","modified_gmt":"2026-04-09T10:11:55","slug":"longsleeve-dusty-black-waves","status":"publish","type":"product","link":"https:\/\/whysoseriousstore.com\/eng\/longsleeve-dusty-black-waves\/","title":{"rendered":"Longsleeve Dusty Black Waves"},"content":{"rendered":"<div class=\"flex basis-auto flex-col -mb-(--composer-overlap-px) [--composer-overlap-px:55px] grow overflow-hidden\">\n<div class=\"relative h-full\">\n<div class=\"flex h-full flex-col overflow-y-auto [scrollbar-gutter:stable_both-edges] @[84rem]\/thread:pt-(--header-height)\">\n<div class=\"@thread-xl\/thread:pt-header-height flex flex-col text-sm pb-25\">\n<article class=\"text-token-text-primary w-full focus:outline-none scroll-mt-[calc(var(--header-height)+min(200px,max(70px,20svh)))]\" dir=\"auto\" tabindex=\"-1\" data-testid=\"conversation-turn-2\" data-scroll-anchor=\"true\" data-turn=\"assistant\">\n<div class=\"text-base my-auto mx-auto pb-10 [--thread-content-margin:--spacing(4)] @[37rem]:[--thread-content-margin:--spacing(6)] @[72rem]:[--thread-content-margin:--spacing(16)] px-(--thread-content-margin)\">\n<div class=\"[--thread-content-max-width:32rem] @[34rem]:[--thread-content-max-width:40rem] @[64rem]:[--thread-content-max-width:48rem] mx-auto max-w-(--thread-content-max-width) flex-1 group\/turn-messages focus-visible:outline-hidden relative flex w-full min-w-0 flex-col agent-turn\" tabindex=\"-1\">\n<div class=\"flex max-w-full flex-col grow\">\n<div class=\"min-h-8 text-message relative flex w-full flex-col items-end gap-2 text-start break-words whitespace-normal [.text-message+&amp;]:mt-5\" dir=\"auto\" data-message-author-role=\"assistant\" data-message-id=\"d31ba12a-889a-44cd-b789-be22a613198c\" data-message-model-slug=\"gpt-4o\">\n<div class=\"flex w-full flex-col gap-1 empty:hidden first:pt-[3px]\">\n<div class=\"markdown prose dark:prose-invert w-full break-words light\">\n<p>Longsleeve Dusty Black Waves to wyj\u0105tkowy mi\u0119kki longsleeve z jako\u015bciowej bawe\u0142ny w kolorze wyblak\u0142ej czerni z naszym bestsellerowym nadrukiem<strong> No Bad Waves.\u00a0<\/strong> Wykonany z najwy\u017cszej jako\u015bci bawe\u0142ny, zapewni Ci wygod\u0119 i totalnie cool look. T<strong>o ten ulubiony longsleeve<\/strong>, kt\u00f3ry b\u0119dziesz nosi\u0107 na okr\u0105g\u0142o.<\/p>\n<p>Lu\u017any kr\u00f3j sprawia, \u017ce doskonale le\u017cy na ka\u017cdej sylwetce, gwarantuj\u0105c maksymaln\u0105 wygod\u0119. Ten czarny longsleeve oversize to kwintesencja luzu i stylu w jednym. <strong>Oversize fit z poszerzanym r\u0119kawem<\/strong> i delikatnie obni\u017con\u0105 lini\u0105 ramion \u2013 zapewnia komfort i swobod\u0119 noszenia bez wzgl\u0119du na okazj\u0119. To ten typ ubrania, kt\u00f3ry za\u0142o\u017cysz na spacer, uczelni\u0119, do pracy albo na weekendowy wypad za miasto.<\/p>\n<p>Longsleeve Dusty Black Waves wyr\u00f3\u017cnia si\u0119 oryginalnym nadrukiem w kolorze r\u00f3\u017cu, br\u0105zu i ecru, kt\u00f3ry dodaje mu letniego, sutferskiego charakteru. Niezale\u017cnie od tego, czy wybierasz si\u0119 na letni wyjazd, czy sp\u0119dzasz leniwy dzie\u0144 w domu, ten longsleeve sprawi, \u017ce poczujesz si\u0119 <strong>stylowo i komfortowo<\/strong>. Wybieraj\u0105c Longsleeve Dusty Black Waves, inwestujesz w jako\u015b\u0107, kt\u00f3ra zostanie z Tob\u0105 na d\u0142ugo. Idealny na ka\u017cd\u0105 okazj\u0119 longsleeve to kluczowy element ka\u017cdej garderoby, kt\u00f3ry nigdy nie wyjdzie z mody.<\/p>\n<p>One more thing! <strong>No Bad Waves,<\/strong> <strong>Guys &#8211; Sometimes you just have to ride the wave you\u2019re given \ud83d\ude09<\/strong><\/p>\n<p data-start=\"1362\" data-end=\"1470\" data-is-last-node=\"\" data-is-only-node=\"\">Ten longsleeve to prosty spos\u00f3b na stylowy look \u2013 bez wysi\u0142ku, bez kombinowania, zawsze na czasie.<\/p>\n<\/div>\n<\/div>\n<\/div>\n<\/div>\n<\/div>\n<\/div>\n<\/article>\n<\/div>\n<\/div>\n<\/div>\n<\/div>\n<p data-start=\"837\" data-end=\"932\">Modelka ma 171 cm wzrostu i nosi rozmiar M.<\/p>\n<p data-start=\"934\" data-end=\"974\"><strong data-start=\"934\" data-end=\"974\">THE HIGHEST QUALITY, MADE IN POLAND.<\/strong><\/p>\n","protected":false},"excerpt":{"rendered":"<p>Longsleeve Dusty Black Waves to wyj\u0105tkowy mi\u0119kki longsleeve z jako\u015bciowej bawe\u0142ny w kolorze wyblak\u0142ej czerni z naszym bestsellerowym nadrukiem No Bad Waves.\u00a0 Wykonany z najwy\u017cszej jako\u015bci bawe\u0142ny, zapewni Ci wygod\u0119 i totalnie cool look. To ten ulubiony longsleeve, kt\u00f3ry b\u0119dziesz nosi\u0107 na okr\u0105g\u0142o. Lu\u017any kr\u00f3j sprawia, \u017ce doskonale le\u017cy na ka\u017cdej sylwetce, gwarantuj\u0105c maksymaln\u0105 wygod\u0119. [&hellip;]<\/p>\n","protected":false},"featured_media":27598,"template":"","meta":[],"product_brand":[],"product_cat":[164,110,108,107,127],"product_tag":[],"class_list":{"0":"post-27582","1":"product","2":"type-product","3":"status-publish","4":"has-post-thumbnail","6":"product_cat-longsleeve","7":"product_cat-tshirty-unisex","8":"product_cat-new","9":"product_cat-bestsellers","10":"product_cat-wszystko","12":"first","13":"instock","14":"taxable","15":"shipping-taxable","16":"purchasable","17":"product-type-variable","18":"has-default-attributes"},"bundled_by":[],"bundle_stock_status":"instock","bundle_stock_quantity":null,"bundle_virtual":false,"bundle_layout":"","bundle_add_to_cart_form_location":"","bundle_editable_in_cart":false,"bundle_sold_individually_context":"","bundle_item_grouping":"","bundle_min_size":"","bundle_max_size":"","bundle_price":[],"bundled_items":[],"bundle_sell_ids":[],"yoast_head":"<!-- This site is optimized with the Yoast SEO Premium plugin v20.0 (Yoast SEO v26.5) - https:\/\/yoast.com\/wordpress\/plugins\/seo\/ -->\n<title>Longsleeve Dusty Black Waves - WHYSOSERIOUS store<\/title>\n<meta name=\"description\" content=\"Longsleeve Stripes Brown to idealny dodatek do Twojej garderoby. Pasuje do wielu stylizacji i stanowi jej cudowne dope\u0142nienie.\" \/>\n<meta name=\"robots\" content=\"index, follow, max-snippet:-1, max-image-preview:large, max-video-preview:-1\" \/>\n<link rel=\"canonical\" href=\"https:\/\/whysoseriousstore.com\/eng\/longsleeve-dusty-black-waves\/\" \/>\n<meta property=\"og:locale\" content=\"en_GB\" \/>\n<meta property=\"og:type\" content=\"article\" \/>\n<meta property=\"og:title\" content=\"Longsleeve Dusty Black Waves\" \/>\n<meta property=\"og:description\" content=\"Longsleeve Stripes Brown to idealny dodatek do Twojej garderoby. Pasuje do wielu stylizacji i stanowi jej cudowne dope\u0142nienie.\" \/>\n<meta property=\"og:url\" content=\"https:\/\/whysoseriousstore.com\/eng\/longsleeve-dusty-black-waves\/\" \/>\n<meta property=\"og:site_name\" content=\"WHYSOSERIOUS store\" \/>\n<meta property=\"article:modified_time\" content=\"2026-04-09T10:11:55+00:00\" \/>\n<meta property=\"og:image\" content=\"https:\/\/whysoseriousstore.com\/wp-content\/uploads\/2026\/03\/Longsleeve-surf-Why-So-Serious-czarny-damski-5.jpg\" \/>\n\t<meta property=\"og:image:width\" content=\"1000\" \/>\n\t<meta property=\"og:image:height\" content=\"1500\" \/>\n\t<meta property=\"og:image:type\" content=\"image\/jpeg\" \/>\n<meta name=\"twitter:card\" content=\"summary_large_image\" \/>\n<meta name=\"twitter:label1\" content=\"Estimated reading time\" \/>\n\t<meta name=\"twitter:data1\" content=\"2 minutes\" \/>\n<script type=\"application\/ld+json\" class=\"yoast-schema-graph\">{\"@context\":\"https:\/\/schema.org\",\"@graph\":[{\"@type\":\"WebPage\",\"@id\":\"https:\/\/whysoseriousstore.com\/longsleeve-dusty-black-waves\/\",\"url\":\"https:\/\/whysoseriousstore.com\/longsleeve-dusty-black-waves\/\",\"name\":\"Longsleeve Dusty Black Waves - WHYSOSERIOUS store\",\"isPartOf\":{\"@id\":\"https:\/\/whysoseriousstore.com\/#website\"},\"primaryImageOfPage\":{\"@id\":\"https:\/\/whysoseriousstore.com\/longsleeve-dusty-black-waves\/#primaryimage\"},\"image\":{\"@id\":\"https:\/\/whysoseriousstore.com\/longsleeve-dusty-black-waves\/#primaryimage\"},\"thumbnailUrl\":\"https:\/\/whysoseriousstore.com\/wp-content\/uploads\/2026\/03\/Longsleeve-surf-Why-So-Serious-czarny-damski-5.jpg\",\"datePublished\":\"2026-03-27T19:02:11+00:00\",\"dateModified\":\"2026-04-09T10:11:55+00:00\",\"description\":\"Longsleeve Stripes Brown to idealny dodatek do Twojej garderoby. Pasuje do wielu stylizacji i stanowi jej cudowne dope\u0142nienie.\",\"breadcrumb\":{\"@id\":\"https:\/\/whysoseriousstore.com\/longsleeve-dusty-black-waves\/#breadcrumb\"},\"inLanguage\":\"en-GB\",\"potentialAction\":[{\"@type\":\"ReadAction\",\"target\":[\"https:\/\/whysoseriousstore.com\/longsleeve-dusty-black-waves\/\"]}]},{\"@type\":\"ImageObject\",\"inLanguage\":\"en-GB\",\"@id\":\"https:\/\/whysoseriousstore.com\/longsleeve-dusty-black-waves\/#primaryimage\",\"url\":\"https:\/\/whysoseriousstore.com\/wp-content\/uploads\/2026\/03\/Longsleeve-surf-Why-So-Serious-czarny-damski-5.jpg\",\"contentUrl\":\"https:\/\/whysoseriousstore.com\/wp-content\/uploads\/2026\/03\/Longsleeve-surf-Why-So-Serious-czarny-damski-5.jpg\",\"width\":1000,\"height\":1500},{\"@type\":\"BreadcrumbList\",\"@id\":\"https:\/\/whysoseriousstore.com\/longsleeve-dusty-black-waves\/#breadcrumb\",\"itemListElement\":[{\"@type\":\"ListItem\",\"position\":1,\"name\":\"Strona g\u0142\u00f3wna\",\"item\":\"https:\/\/whysoseriousstore.com\/\"},{\"@type\":\"ListItem\",\"position\":2,\"name\":\"Sklep\",\"item\":\"https:\/\/whysoseriousstore.com\/sklep\/\"},{\"@type\":\"ListItem\",\"position\":3,\"name\":\"Longsleeve Dusty Black Waves\"}]},{\"@type\":\"WebSite\",\"@id\":\"https:\/\/whysoseriousstore.com\/#website\",\"url\":\"https:\/\/whysoseriousstore.com\/\",\"name\":\"WHYSOSERIOUS store\",\"description\":\"\",\"potentialAction\":[{\"@type\":\"SearchAction\",\"target\":{\"@type\":\"EntryPoint\",\"urlTemplate\":\"https:\/\/whysoseriousstore.com\/?s={search_term_string}\"},\"query-input\":{\"@type\":\"PropertyValueSpecification\",\"valueRequired\":true,\"valueName\":\"search_term_string\"}}],\"inLanguage\":\"en-GB\"}]}<\/script>\n<!-- \/ Yoast SEO Premium plugin. -->","yoast_head_json":{"title":"Longsleeve Dusty Black Waves - WHYSOSERIOUS store","description":"Longsleeve Stripes Brown to idealny dodatek do Twojej garderoby. Pasuje do wielu stylizacji i stanowi jej cudowne dope\u0142nienie.","robots":{"index":"index","follow":"follow","max-snippet":"max-snippet:-1","max-image-preview":"max-image-preview:large","max-video-preview":"max-video-preview:-1"},"canonical":"https:\/\/whysoseriousstore.com\/eng\/longsleeve-dusty-black-waves\/","og_locale":"en_GB","og_type":"article","og_title":"Longsleeve Dusty Black Waves","og_description":"Longsleeve Stripes Brown to idealny dodatek do Twojej garderoby. Pasuje do wielu stylizacji i stanowi jej cudowne dope\u0142nienie.","og_url":"https:\/\/whysoseriousstore.com\/eng\/longsleeve-dusty-black-waves\/","og_site_name":"WHYSOSERIOUS store","article_modified_time":"2026-04-09T10:11:55+00:00","og_image":[{"width":1000,"height":1500,"url":"https:\/\/whysoseriousstore.com\/wp-content\/uploads\/2026\/03\/Longsleeve-surf-Why-So-Serious-czarny-damski-5.jpg","type":"image\/jpeg"}],"twitter_card":"summary_large_image","twitter_misc":{"Estimated reading time":"2 minutes"},"schema":{"@context":"https:\/\/schema.org","@graph":[{"@type":"WebPage","@id":"https:\/\/whysoseriousstore.com\/longsleeve-dusty-black-waves\/","url":"https:\/\/whysoseriousstore.com\/longsleeve-dusty-black-waves\/","name":"Longsleeve Dusty Black Waves - WHYSOSERIOUS store","isPartOf":{"@id":"https:\/\/whysoseriousstore.com\/#website"},"primaryImageOfPage":{"@id":"https:\/\/whysoseriousstore.com\/longsleeve-dusty-black-waves\/#primaryimage"},"image":{"@id":"https:\/\/whysoseriousstore.com\/longsleeve-dusty-black-waves\/#primaryimage"},"thumbnailUrl":"https:\/\/whysoseriousstore.com\/wp-content\/uploads\/2026\/03\/Longsleeve-surf-Why-So-Serious-czarny-damski-5.jpg","datePublished":"2026-03-27T19:02:11+00:00","dateModified":"2026-04-09T10:11:55+00:00","description":"Longsleeve Stripes Brown to idealny dodatek do Twojej garderoby. Pasuje do wielu stylizacji i stanowi jej cudowne dope\u0142nienie.","breadcrumb":{"@id":"https:\/\/whysoseriousstore.com\/longsleeve-dusty-black-waves\/#breadcrumb"},"inLanguage":"en-GB","potentialAction":[{"@type":"ReadAction","target":["https:\/\/whysoseriousstore.com\/longsleeve-dusty-black-waves\/"]}]},{"@type":"ImageObject","inLanguage":"en-GB","@id":"https:\/\/whysoseriousstore.com\/longsleeve-dusty-black-waves\/#primaryimage","url":"https:\/\/whysoseriousstore.com\/wp-content\/uploads\/2026\/03\/Longsleeve-surf-Why-So-Serious-czarny-damski-5.jpg","contentUrl":"https:\/\/whysoseriousstore.com\/wp-content\/uploads\/2026\/03\/Longsleeve-surf-Why-So-Serious-czarny-damski-5.jpg","width":1000,"height":1500},{"@type":"BreadcrumbList","@id":"https:\/\/whysoseriousstore.com\/longsleeve-dusty-black-waves\/#breadcrumb","itemListElement":[{"@type":"ListItem","position":1,"name":"Strona g\u0142\u00f3wna","item":"https:\/\/whysoseriousstore.com\/"},{"@type":"ListItem","position":2,"name":"Sklep","item":"https:\/\/whysoseriousstore.com\/sklep\/"},{"@type":"ListItem","position":3,"name":"Longsleeve Dusty Black Waves"}]},{"@type":"WebSite","@id":"https:\/\/whysoseriousstore.com\/#website","url":"https:\/\/whysoseriousstore.com\/","name":"WHYSOSERIOUS store","description":"","potentialAction":[{"@type":"SearchAction","target":{"@type":"EntryPoint","urlTemplate":"https:\/\/whysoseriousstore.com\/?s={search_term_string}"},"query-input":{"@type":"PropertyValueSpecification","valueRequired":true,"valueName":"search_term_string"}}],"inLanguage":"en-GB"}]}},"_links":{"self":[{"href":"https:\/\/whysoseriousstore.com\/eng\/wp-json\/wp\/v2\/product\/27582","targetHints":{"allow":["GET"]}}],"collection":[{"href":"https:\/\/whysoseriousstore.com\/eng\/wp-json\/wp\/v2\/product"}],"about":[{"href":"https:\/\/whysoseriousstore.com\/eng\/wp-json\/wp\/v2\/types\/product"}],"wp:featuredmedia":[{"embeddable":true,"href":"https:\/\/whysoseriousstore.com\/eng\/wp-json\/wp\/v2\/media\/27598"}],"wp:attachment":[{"href":"https:\/\/whysoseriousstore.com\/eng\/wp-json\/wp\/v2\/media?parent=27582"}],"wp:term":[{"taxonomy":"product_brand","embeddable":true,"href":"https:\/\/whysoseriousstore.com\/eng\/wp-json\/wp\/v2\/product_brand?post=27582"},{"taxonomy":"product_cat","embeddable":true,"href":"https:\/\/whysoseriousstore.com\/eng\/wp-json\/wp\/v2\/product_cat?post=27582"},{"taxonomy":"product_tag","embeddable":true,"href":"https:\/\/whysoseriousstore.com\/eng\/wp-json\/wp\/v2\/product_tag?post=27582"}],"curies":[{"name":"wp","href":"https:\/\/api.w.org\/{rel}","templated":true}]}}