{"id":27972,"date":"2026-04-22T18:59:16","date_gmt":"2026-04-22T16:59:16","guid":{"rendered":"https:\/\/whysoseriousstore.com\/?post_type=product&#038;p=27972"},"modified":"2026-04-23T15:50:05","modified_gmt":"2026-04-23T13:50:05","slug":"t-shirt-gardening-brazowy","status":"publish","type":"product","link":"https:\/\/whysoseriousstore.com\/eng\/t-shirt-gardening-brazowy\/","title":{"rendered":"T-shirt Gardening Brown"},"content":{"rendered":"<p data-start=\"0\" data-end=\"392\">The brown Gardening T-shirt combines natural tones with a light, humorous touch for an eye-catching look. The deep brown shade of the T-shirt works perfectly with the yellow \u201eSorry I'm busy gardening\u201d print and flower sketch, creating a lighthearted graphic for those who like to disappear for whole afternoons tending to their flowers.<\/p>\n<p data-start=\"394\" data-end=\"713\">The oversized, relaxed fit provides complete comfort and lightness, fitting perfectly into the rhythm of everyday life - whether you're spending the day in the garden, on a walk or just slowing down. This brown T-shirt will go great with casual styles - with jeans, white trousers or cycling shorts.<\/p>\n<p data-start=\"715\" data-end=\"913\">Made in Poland from thick, soft cotton, it guarantees durability and comfort even on the most active days. The delicate WHYSOSERIOUS label inside emphasises the quality and authenticity of the design.<\/p>\n<p data-start=\"915\" data-end=\"943\" data-is-last-node=\"\" data-is-only-node=\"\">Sorry, I'm busy gardening \ud83c\udf3f<\/p>\n<p data-start=\"92\" data-end=\"432\">The model is 171 cm tall and a size L.<\/p>\n<p><strong>THE HIGHEST QUALITY, MADE IN POLAND.<\/strong><\/p>\n<p><a href=\"https:\/\/whysoseriousstore.com\/eng\/tshirty-damskie\/?v=9b7d173b068d\">See also our sweatshirts!<\/a><br \/>\nVisit us at\u00a0<a href=\"https:\/\/www.instagram.com\/wss.whysoserious\/\">instagram<\/a>\u00a0i\u00a0<a href=\"https:\/\/www.facebook.com\/WSS.whysoserious\">facebook<\/a>.<\/p>","protected":false},"excerpt":{"rendered":"<p>Br\u0105zowy T-shirt Gardening to po\u0142\u0105czenie naturalnych ton\u00f3w z lekkim, humorystycznym akcentem, kt\u00f3ry przyci\u0105ga uwag\u0119. G\u0142\u0119boki, br\u0105zowy odcie\u0144 koszulki doskonale wsp\u00f3\u0142gra z \u017c\u00f3\u0142tym nadrukiem \u201eSorry I\u2019m busy gardening\u201d oraz szkicem kwiat\u00f3w, tworz\u0105c lekk\u0105 grafik\u0119 dla tych kt\u00f3rzy lubi\u0105 znika\u0107 na ca\u0142e popo\u0142udnia zajmuj\u0105c si\u0119 swoimi kwiatkami. Oversize\u2019owy, swobodny kr\u00f3j zapewnia pe\u0142en komfort i lekko\u015b\u0107, idealnie wpisuj\u0105c [&hellip;]<\/p>\n","protected":false},"featured_media":28114,"template":"","meta":[],"product_brand":[],"product_cat":[110,108,127],"product_tag":[],"class_list":{"0":"post-27972","1":"product","2":"type-product","3":"status-publish","4":"has-post-thumbnail","6":"product_cat-tshirty-unisex","7":"product_cat-new","8":"product_cat-wszystko","10":"first","11":"instock","12":"taxable","13":"shipping-taxable","14":"purchasable","15":"product-type-variable","16":"has-default-attributes"},"bundled_by":[],"bundle_stock_status":"instock","bundle_stock_quantity":null,"bundle_virtual":false,"bundle_layout":"","bundle_add_to_cart_form_location":"","bundle_editable_in_cart":false,"bundle_sold_individually_context":"","bundle_item_grouping":"","bundle_min_size":"","bundle_max_size":"","bundle_price":[],"bundled_items":[],"bundle_sell_ids":[],"yoast_head":"<!-- This site is optimized with the Yoast SEO Premium plugin v20.0 (Yoast SEO v26.5) - https:\/\/yoast.com\/wordpress\/plugins\/seo\/ -->\n<title>T-shirt Gardening Br\u0105zowy WHYSOSERIOUS store<\/title>\n<meta name=\"description\" content=\"Bia\u0142y t-shirt Running Club- z nadrukiem. Kr\u00f3j oversize, gruba bia\u0142a bawe\u0142na. Idealne dope\u0142nienie do ka\u017cdej stylizacji i na poranne bieganie!\" \/>\n<meta name=\"robots\" content=\"index, follow, max-snippet:-1, max-image-preview:large, max-video-preview:-1\" \/>\n<link rel=\"canonical\" href=\"https:\/\/whysoseriousstore.com\/eng\/t-shirt-gardening-brazowy\/\" \/>\n<meta property=\"og:locale\" content=\"en_GB\" \/>\n<meta property=\"og:type\" content=\"article\" \/>\n<meta property=\"og:title\" content=\"T-shirt Gardening Br\u0105zowy\" \/>\n<meta property=\"og:description\" content=\"Bia\u0142y t-shirt Running Club- z nadrukiem. Kr\u00f3j oversize, gruba bia\u0142a bawe\u0142na. Idealne dope\u0142nienie do ka\u017cdej stylizacji i na poranne bieganie!\" \/>\n<meta property=\"og:url\" content=\"https:\/\/whysoseriousstore.com\/eng\/t-shirt-gardening-brazowy\/\" \/>\n<meta property=\"og:site_name\" content=\"WHYSOSERIOUS store\" \/>\n<meta property=\"article:modified_time\" content=\"2026-04-23T13:50:05+00:00\" \/>\n<meta property=\"og:image\" content=\"https:\/\/whysoseriousstore.com\/wp-content\/uploads\/2026\/04\/Tshirt-brazowy-Damski-Gardening-Why-so-serious-scaled.jpg\" \/>\n\t<meta property=\"og:image:width\" content=\"1707\" \/>\n\t<meta property=\"og:image:height\" content=\"2560\" \/>\n\t<meta property=\"og:image:type\" content=\"image\/jpeg\" \/>\n<meta name=\"twitter:card\" content=\"summary_large_image\" \/>\n<meta name=\"twitter:label1\" content=\"Estimated reading time\" \/>\n\t<meta name=\"twitter:data1\" content=\"2 minutes\" \/>\n<script type=\"application\/ld+json\" class=\"yoast-schema-graph\">{\"@context\":\"https:\/\/schema.org\",\"@graph\":[{\"@type\":\"WebPage\",\"@id\":\"https:\/\/whysoseriousstore.com\/t-shirt-gardening-brazowy\/\",\"url\":\"https:\/\/whysoseriousstore.com\/t-shirt-gardening-brazowy\/\",\"name\":\"T-shirt Gardening Br\u0105zowy WHYSOSERIOUS store\",\"isPartOf\":{\"@id\":\"https:\/\/whysoseriousstore.com\/#website\"},\"primaryImageOfPage\":{\"@id\":\"https:\/\/whysoseriousstore.com\/t-shirt-gardening-brazowy\/#primaryimage\"},\"image\":{\"@id\":\"https:\/\/whysoseriousstore.com\/t-shirt-gardening-brazowy\/#primaryimage\"},\"thumbnailUrl\":\"https:\/\/whysoseriousstore.com\/wp-content\/uploads\/2026\/04\/Tshirt-brazowy-Damski-Gardening-Why-so-serious-scaled.jpg\",\"datePublished\":\"2026-04-22T16:59:16+00:00\",\"dateModified\":\"2026-04-23T13:50:05+00:00\",\"description\":\"Bia\u0142y t-shirt Running Club- z nadrukiem. Kr\u00f3j oversize, gruba bia\u0142a bawe\u0142na. Idealne dope\u0142nienie do ka\u017cdej stylizacji i na poranne bieganie!\",\"breadcrumb\":{\"@id\":\"https:\/\/whysoseriousstore.com\/t-shirt-gardening-brazowy\/#breadcrumb\"},\"inLanguage\":\"en-GB\",\"potentialAction\":[{\"@type\":\"ReadAction\",\"target\":[\"https:\/\/whysoseriousstore.com\/t-shirt-gardening-brazowy\/\"]}]},{\"@type\":\"ImageObject\",\"inLanguage\":\"en-GB\",\"@id\":\"https:\/\/whysoseriousstore.com\/t-shirt-gardening-brazowy\/#primaryimage\",\"url\":\"https:\/\/whysoseriousstore.com\/wp-content\/uploads\/2026\/04\/Tshirt-brazowy-Damski-Gardening-Why-so-serious-scaled.jpg\",\"contentUrl\":\"https:\/\/whysoseriousstore.com\/wp-content\/uploads\/2026\/04\/Tshirt-brazowy-Damski-Gardening-Why-so-serious-scaled.jpg\",\"width\":1707,\"height\":2560},{\"@type\":\"BreadcrumbList\",\"@id\":\"https:\/\/whysoseriousstore.com\/t-shirt-gardening-brazowy\/#breadcrumb\",\"itemListElement\":[{\"@type\":\"ListItem\",\"position\":1,\"name\":\"Strona g\u0142\u00f3wna\",\"item\":\"https:\/\/whysoseriousstore.com\/\"},{\"@type\":\"ListItem\",\"position\":2,\"name\":\"Sklep\",\"item\":\"https:\/\/whysoseriousstore.com\/sklep\/\"},{\"@type\":\"ListItem\",\"position\":3,\"name\":\"T-shirt Gardening Br\u0105zowy\"}]},{\"@type\":\"WebSite\",\"@id\":\"https:\/\/whysoseriousstore.com\/#website\",\"url\":\"https:\/\/whysoseriousstore.com\/\",\"name\":\"WHYSOSERIOUS store\",\"description\":\"\",\"potentialAction\":[{\"@type\":\"SearchAction\",\"target\":{\"@type\":\"EntryPoint\",\"urlTemplate\":\"https:\/\/whysoseriousstore.com\/?s={search_term_string}\"},\"query-input\":{\"@type\":\"PropertyValueSpecification\",\"valueRequired\":true,\"valueName\":\"search_term_string\"}}],\"inLanguage\":\"en-GB\"}]}<\/script>\n<!-- \/ Yoast SEO Premium plugin. -->","yoast_head_json":{"title":"T-shirt Gardening Br\u0105zowy WHYSOSERIOUS store","description":"Bia\u0142y t-shirt Running Club- z nadrukiem. Kr\u00f3j oversize, gruba bia\u0142a bawe\u0142na. Idealne dope\u0142nienie do ka\u017cdej stylizacji i na poranne bieganie!","robots":{"index":"index","follow":"follow","max-snippet":"max-snippet:-1","max-image-preview":"max-image-preview:large","max-video-preview":"max-video-preview:-1"},"canonical":"https:\/\/whysoseriousstore.com\/eng\/t-shirt-gardening-brazowy\/","og_locale":"en_GB","og_type":"article","og_title":"T-shirt Gardening Br\u0105zowy","og_description":"Bia\u0142y t-shirt Running Club- z nadrukiem. Kr\u00f3j oversize, gruba bia\u0142a bawe\u0142na. Idealne dope\u0142nienie do ka\u017cdej stylizacji i na poranne bieganie!","og_url":"https:\/\/whysoseriousstore.com\/eng\/t-shirt-gardening-brazowy\/","og_site_name":"WHYSOSERIOUS store","article_modified_time":"2026-04-23T13:50:05+00:00","og_image":[{"width":1707,"height":2560,"url":"https:\/\/whysoseriousstore.com\/wp-content\/uploads\/2026\/04\/Tshirt-brazowy-Damski-Gardening-Why-so-serious-scaled.jpg","type":"image\/jpeg"}],"twitter_card":"summary_large_image","twitter_misc":{"Estimated reading time":"2 minutes"},"schema":{"@context":"https:\/\/schema.org","@graph":[{"@type":"WebPage","@id":"https:\/\/whysoseriousstore.com\/t-shirt-gardening-brazowy\/","url":"https:\/\/whysoseriousstore.com\/t-shirt-gardening-brazowy\/","name":"T-shirt Gardening Br\u0105zowy WHYSOSERIOUS store","isPartOf":{"@id":"https:\/\/whysoseriousstore.com\/#website"},"primaryImageOfPage":{"@id":"https:\/\/whysoseriousstore.com\/t-shirt-gardening-brazowy\/#primaryimage"},"image":{"@id":"https:\/\/whysoseriousstore.com\/t-shirt-gardening-brazowy\/#primaryimage"},"thumbnailUrl":"https:\/\/whysoseriousstore.com\/wp-content\/uploads\/2026\/04\/Tshirt-brazowy-Damski-Gardening-Why-so-serious-scaled.jpg","datePublished":"2026-04-22T16:59:16+00:00","dateModified":"2026-04-23T13:50:05+00:00","description":"Bia\u0142y t-shirt Running Club- z nadrukiem. Kr\u00f3j oversize, gruba bia\u0142a bawe\u0142na. Idealne dope\u0142nienie do ka\u017cdej stylizacji i na poranne bieganie!","breadcrumb":{"@id":"https:\/\/whysoseriousstore.com\/t-shirt-gardening-brazowy\/#breadcrumb"},"inLanguage":"en-GB","potentialAction":[{"@type":"ReadAction","target":["https:\/\/whysoseriousstore.com\/t-shirt-gardening-brazowy\/"]}]},{"@type":"ImageObject","inLanguage":"en-GB","@id":"https:\/\/whysoseriousstore.com\/t-shirt-gardening-brazowy\/#primaryimage","url":"https:\/\/whysoseriousstore.com\/wp-content\/uploads\/2026\/04\/Tshirt-brazowy-Damski-Gardening-Why-so-serious-scaled.jpg","contentUrl":"https:\/\/whysoseriousstore.com\/wp-content\/uploads\/2026\/04\/Tshirt-brazowy-Damski-Gardening-Why-so-serious-scaled.jpg","width":1707,"height":2560},{"@type":"BreadcrumbList","@id":"https:\/\/whysoseriousstore.com\/t-shirt-gardening-brazowy\/#breadcrumb","itemListElement":[{"@type":"ListItem","position":1,"name":"Strona g\u0142\u00f3wna","item":"https:\/\/whysoseriousstore.com\/"},{"@type":"ListItem","position":2,"name":"Sklep","item":"https:\/\/whysoseriousstore.com\/sklep\/"},{"@type":"ListItem","position":3,"name":"T-shirt Gardening Br\u0105zowy"}]},{"@type":"WebSite","@id":"https:\/\/whysoseriousstore.com\/#website","url":"https:\/\/whysoseriousstore.com\/","name":"WHYSOSERIOUS store","description":"","potentialAction":[{"@type":"SearchAction","target":{"@type":"EntryPoint","urlTemplate":"https:\/\/whysoseriousstore.com\/?s={search_term_string}"},"query-input":{"@type":"PropertyValueSpecification","valueRequired":true,"valueName":"search_term_string"}}],"inLanguage":"en-GB"}]}},"_links":{"self":[{"href":"https:\/\/whysoseriousstore.com\/eng\/wp-json\/wp\/v2\/product\/27972","targetHints":{"allow":["GET"]}}],"collection":[{"href":"https:\/\/whysoseriousstore.com\/eng\/wp-json\/wp\/v2\/product"}],"about":[{"href":"https:\/\/whysoseriousstore.com\/eng\/wp-json\/wp\/v2\/types\/product"}],"wp:featuredmedia":[{"embeddable":true,"href":"https:\/\/whysoseriousstore.com\/eng\/wp-json\/wp\/v2\/media\/28114"}],"wp:attachment":[{"href":"https:\/\/whysoseriousstore.com\/eng\/wp-json\/wp\/v2\/media?parent=27972"}],"wp:term":[{"taxonomy":"product_brand","embeddable":true,"href":"https:\/\/whysoseriousstore.com\/eng\/wp-json\/wp\/v2\/product_brand?post=27972"},{"taxonomy":"product_cat","embeddable":true,"href":"https:\/\/whysoseriousstore.com\/eng\/wp-json\/wp\/v2\/product_cat?post=27972"},{"taxonomy":"product_tag","embeddable":true,"href":"https:\/\/whysoseriousstore.com\/eng\/wp-json\/wp\/v2\/product_tag?post=27972"}],"curies":[{"name":"wp","href":"https:\/\/api.w.org\/{rel}","templated":true}]}}